CRAN Package Check Results for Package astrolibR

Last updated on 2018-06-24 22:49:09 CEST.

Flavor Version Tinstall Tcheck Ttotal Status Flags
r-devel-linux-x86_64-debian-clang 0.1 6.06 40.93 46.99 NOTE
r-devel-linux-x86_64-debian-gcc 0.1 4.70 31.42 36.12 NOTE
r-devel-linux-x86_64-fedora-clang 0.1 54.82 NOTE
r-devel-linux-x86_64-fedora-gcc 0.1 51.80 NOTE
r-devel-windows-ix86+x86_64 0.1 10.00 52.00 62.00 NOTE
r-patched-linux-x86_64 0.1 7.18 39.62 46.80 NOTE
r-patched-solaris-x86 0.1 67.50 NOTE
r-release-linux-x86_64 0.1 6.43 39.31 45.74 NOTE
r-release-windows-ix86+x86_64 0.1 11.00 52.00 63.00 NOTE
r-release-osx-x86_64 0.1 NOTE
r-oldrel-windows-ix86+x86_64 0.1 5.00 49.00 54.00 NOTE
r-oldrel-osx-x86_64 0.1 NOTE

Check Details

Version: 0.1
Check: R code for possible problems
Result: NOTE
    fm_unred: no visible global function definition for ‘spline’
    galage: no visible global function definition for ‘integrate’
    lumdist: no visible global function definition for ‘integrate’
    Undefined global functions or variables:
     integrate spline
    Consider adding
     importFrom("stats", "integrate", "spline")
    to your NAMESPACE file.
Flavors: r-devel-linux-x86_64-debian-clang, r-devel-linux-x86_64-debian-gcc, r-devel-linux-x86_64-fedora-clang, r-devel-linux-x86_64-fedora-gcc, r-devel-windows-ix86+x86_64, r-patched-linux-x86_64, r-patched-solaris-x86, r-release-linux-x86_64, r-release-windows-ix86+x86_64, r-release-osx-x86_64, r-oldrel-windows-ix86+x86_64, r-oldrel-osx-x86_64