CRAN Package Check Results for Package astrolibR

Last updated on 2018-02-24 22:47:18 CET.

Flavor Version Tinstall Tcheck Ttotal Status Flags
r-devel-linux-x86_64-debian-clang 0.1 6.64 39.49 46.13 NOTE
r-devel-linux-x86_64-debian-gcc 0.1 3.65 30.23 33.88 NOTE
r-devel-linux-x86_64-fedora-clang 0.1 54.64 NOTE
r-devel-linux-x86_64-fedora-gcc 0.1 53.07 NOTE
r-devel-windows-ix86+x86_64 0.1 12.00 70.00 82.00 NOTE
r-patched-linux-x86_64 0.1 1.63 41.61 43.24 NOTE
r-patched-solaris-x86 0.1 57.50 NOTE
r-release-linux-x86_64 0.1 1.32 42.11 43.43 NOTE
r-release-windows-ix86+x86_64 0.1 5.00 49.00 54.00 NOTE
r-release-osx-x86_64 0.1 NOTE
r-oldrel-windows-ix86+x86_64 0.1 4.00 49.00 53.00 NOTE
r-oldrel-osx-x86_64 0.1 NOTE

Check Details

Version: 0.1
Check: R code for possible problems
Result: NOTE
    fm_unred: no visible global function definition for ‘spline’
    galage: no visible global function definition for ‘integrate’
    lumdist: no visible global function definition for ‘integrate’
    Undefined global functions or variables:
     integrate spline
    Consider adding
     importFrom("stats", "integrate", "spline")
    to your NAMESPACE file.
Flavors: r-devel-linux-x86_64-debian-clang, r-devel-linux-x86_64-debian-gcc, r-devel-linux-x86_64-fedora-clang, r-devel-linux-x86_64-fedora-gcc, r-devel-windows-ix86+x86_64, r-patched-linux-x86_64, r-patched-solaris-x86, r-release-linux-x86_64, r-release-windows-ix86+x86_64, r-release-osx-x86_64, r-oldrel-windows-ix86+x86_64, r-oldrel-osx-x86_64