CRAN Package Check Results for Package astrolibR

Last updated on 2018-09-23 22:46:48 CEST.

Flavor Version Tinstall Tcheck Ttotal Status Flags
r-devel-linux-x86_64-debian-clang 0.1 6.38 40.14 46.52 NOTE
r-devel-linux-x86_64-debian-gcc 0.1 3.87 31.90 35.77 NOTE
r-devel-linux-x86_64-fedora-clang 0.1 54.71 NOTE
r-devel-linux-x86_64-fedora-gcc 0.1 53.35 NOTE
r-devel-windows-ix86+x86_64 0.1 10.00 48.00 58.00 NOTE
r-patched-linux-x86_64 0.1 4.36 38.40 42.76 NOTE
r-patched-solaris-x86 0.1 66.40 NOTE
r-release-linux-x86_64 0.1 5.03 39.48 44.51 NOTE
r-release-windows-ix86+x86_64 0.1 11.00 52.00 63.00 NOTE
r-release-osx-x86_64 0.1 NOTE
r-oldrel-windows-ix86+x86_64 0.1 5.00 49.00 54.00 NOTE
r-oldrel-osx-x86_64 0.1 NOTE

Check Details

Version: 0.1
Check: R code for possible problems
Result: NOTE
    fm_unred: no visible global function definition for ‘spline’
    galage: no visible global function definition for ‘integrate’
    lumdist: no visible global function definition for ‘integrate’
    Undefined global functions or variables:
     integrate spline
    Consider adding
     importFrom("stats", "integrate", "spline")
    to your NAMESPACE file.
Flavors: r-devel-linux-x86_64-debian-clang, r-devel-linux-x86_64-debian-gcc, r-devel-linux-x86_64-fedora-clang, r-devel-linux-x86_64-fedora-gcc, r-devel-windows-ix86+x86_64, r-patched-linux-x86_64, r-patched-solaris-x86, r-release-linux-x86_64, r-release-windows-ix86+x86_64, r-release-osx-x86_64, r-oldrel-windows-ix86+x86_64, r-oldrel-osx-x86_64