CRAN Package Check Results for Package astrolibR

Last updated on 2017-11-22 22:56:58 CET.

Flavor Version Tinstall Tcheck Ttotal Status Flags
r-devel-linux-x86_64-debian-clang 0.1 1.12 26.14 27.26 NOTE
r-devel-linux-x86_64-debian-gcc 0.1 1.32 64.52 65.84 NOTE
r-devel-linux-x86_64-fedora-clang 0.1 47.67 NOTE
r-devel-linux-x86_64-fedora-gcc 0.1 46.65 NOTE
r-devel-windows-ix86+x86_64 0.1 7.00 53.00 60.00 NOTE
r-patched-linux-x86_64 0.1 1.16 26.42 27.58 NOTE
r-patched-solaris-x86 0.1 56.70 NOTE
r-release-linux-x86_64 0.1 1.18 26.55 27.73 NOTE
r-release-windows-ix86+x86_64 0.1 5.00 49.00 54.00 NOTE
r-release-osx-x86_64 0.1 NOTE
r-oldrel-windows-ix86+x86_64 0.1 4.00 49.00 53.00 NOTE
r-oldrel-osx-x86_64 0.1 NOTE

Check Details

Version: 0.1
Check: R code for possible problems
Result: NOTE
    fm_unred: no visible global function definition for ‘spline’
    galage: no visible global function definition for ‘integrate’
    lumdist: no visible global function definition for ‘integrate’
    Undefined global functions or variables:
     integrate spline
    Consider adding
     importFrom("stats", "integrate", "spline")
    to your NAMESPACE file.
Flavors: r-devel-linux-x86_64-debian-clang, r-devel-linux-x86_64-debian-gcc, r-devel-linux-x86_64-fedora-clang, r-devel-linux-x86_64-fedora-gcc, r-devel-windows-ix86+x86_64, r-patched-linux-x86_64, r-patched-solaris-x86, r-release-linux-x86_64, r-release-windows-ix86+x86_64, r-release-osx-x86_64, r-oldrel-windows-ix86+x86_64, r-oldrel-osx-x86_64