CRAN Package Check Results for Package autoScorecard

Last updated on 2024-02-21 21:49:33 CET.

Flavor Version Tinstall Tcheck Ttotal Status Flags
r-devel-linux-x86_64-debian-clang 0.3.0 NOTE
r-devel-linux-x86_64-debian-gcc 0.3.0 3.02 119.65 122.67 NOTE
r-devel-linux-x86_64-fedora-clang 0.3.0 207.15 OK
r-devel-linux-x86_64-fedora-gcc 0.3.0 213.89 OK
r-devel-windows-x86_64 0.3.0 4.00 156.00 160.00 OK
r-patched-linux-x86_64 0.3.0 3.95 162.00 165.95 OK
r-release-linux-x86_64 0.3.0 3.39 165.92 169.31 OK
r-release-macos-arm64 0.3.0 63.00 OK
r-release-macos-x86_64 0.3.0 160.00 OK
r-release-windows-x86_64 0.3.0 6.00 195.00 201.00 OK
r-oldrel-macos-arm64 0.3.0 76.00 OK
r-oldrel-windows-x86_64 0.3.0 6.00 208.00 214.00 OK

Check Details

Version: 0.3.0
Check: Rd files
Result: NOTE checkRd: (-1) noauto_scorecard.Rd:20: Lost braces; missing escapes or markup? 20 | \item{fit}{See glm {stats}.} | ^ checkRd: (-1) noauto_scorecard2.Rd:21: Lost braces; missing escapes or markup? 21 | \item{fit}{See glm {stats}.} | ^ Flavors: r-devel-linux-x86_64-debian-clang, r-devel-linux-x86_64-debian-gcc