Last updated on 2023-12-02 21:39:47 CET.
Flavor | Version | Tinstall | Tcheck | Ttotal | Status | Flags |
---|---|---|---|---|---|---|
r-devel-linux-x86_64-debian-clang | 1.4.5 | 93.46 | 276.89 | 370.35 | NOTE | |
r-devel-linux-x86_64-debian-gcc | 1.4.5 | 67.56 | 241.79 | 309.35 | NOTE | |
r-devel-linux-x86_64-fedora-clang | 1.4.5 | 868.73 | NOTE | |||
r-devel-linux-x86_64-fedora-gcc | 1.4.5 | 980.76 | NOTE | |||
r-devel-windows-x86_64 | 1.4.5 | 74.00 | 151.00 | 225.00 | NOTE | |
r-patched-linux-x86_64 | 1.4.5 | 81.64 | 286.92 | 368.56 | NOTE | |
r-release-linux-x86_64 | 1.4.5 | 80.37 | 269.82 | 350.19 | NOTE | |
r-release-macos-arm64 | 1.4.5 | 1137.00 | NOTE | |||
r-release-macos-x86_64 | 1.4.5 | 1803.00 | NOTE | |||
r-release-windows-x86_64 | 1.4.5 | 99.00 | 174.00 | 273.00 | NOTE | |
r-oldrel-macos-arm64 | 1.4.5 | 512.00 | NOTE | |||
r-oldrel-macos-x86_64 | 1.4.5 | 1803.00 | NOTE | |||
r-oldrel-windows-x86_64 | 1.4.5 | 91.00 | 188.00 | 279.00 | NOTE |
Version: 1.4.5
Check: C++ specification
Result: NOTE
Specified C++11: please drop specification unless essential
Flavors: r-devel-linux-x86_64-debian-clang, r-devel-linux-x86_64-debian-gcc, r-devel-linux-x86_64-fedora-clang, r-devel-linux-x86_64-fedora-gcc, r-devel-windows-x86_64, r-patched-linux-x86_64, r-release-linux-x86_64, r-release-macos-arm64, r-release-macos-x86_64, r-release-windows-x86_64
Version: 1.4.5
Check: for GNU extensions in Makefiles
Result: NOTE
GNU make is a SystemRequirements.
Flavors: r-devel-linux-x86_64-debian-clang, r-devel-linux-x86_64-debian-gcc, r-devel-linux-x86_64-fedora-clang, r-devel-linux-x86_64-fedora-gcc, r-devel-windows-x86_64, r-patched-linux-x86_64, r-release-linux-x86_64, r-release-macos-arm64, r-release-macos-x86_64, r-release-windows-x86_64, r-oldrel-macos-arm64, r-oldrel-macos-x86_64, r-oldrel-windows-x86_64
Version: 1.4.5
Check: re-building of vignette outputs
Result: NOTE
Re-building vignettes had CPU time 4.7 times elapsed time
Flavor: r-devel-linux-x86_64-debian-clang
Version: 1.4.5
Check: re-building of vignette outputs
Result: NOTE
Re-building vignettes had CPU time 3 times elapsed time
Flavor: r-devel-linux-x86_64-debian-gcc