Last updated on 2024-03-28 23:01:38 CET.
Flavor | Version | Tinstall | Tcheck | Ttotal | Status | Flags |
---|---|---|---|---|---|---|
r-devel-linux-x86_64-debian-clang | 0.1.4 | 6.29 | 58.56 | 64.85 | OK | |
r-devel-linux-x86_64-debian-gcc | 0.1.4 | 4.70 | 44.20 | 48.90 | OK | |
r-devel-linux-x86_64-fedora-clang | 0.1.4 | 80.26 | NOTE | |||
r-devel-linux-x86_64-fedora-gcc | 0.1.4 | 77.36 | NOTE | |||
r-devel-windows-x86_64 | 0.1.4 | 6.00 | 64.00 | 70.00 | OK | |
r-patched-linux-x86_64 | 0.1.4 | 5.26 | 55.82 | 61.08 | OK | |
r-release-linux-x86_64 | 0.1.4 | 4.60 | 55.22 | 59.82 | OK | |
r-release-macos-arm64 | 0.1.4 | 27.00 | OK | |||
r-release-macos-x86_64 | 0.1.4 | 42.00 | OK | |||
r-release-windows-x86_64 | 0.1.4 | 8.00 | 72.00 | 80.00 | OK | |
r-oldrel-macos-arm64 | 0.1.4 | 27.00 | NOTE | |||
r-oldrel-windows-x86_64 | 0.1.4 | 9.00 | 77.00 | 86.00 | OK |
Version: 0.1.4
Check: dependencies in R code
Result: NOTE
Namespaces in Imports field not imported from:
‘MASS’ ‘broom’ ‘diptest’ ‘ggplot2’ ‘hexbin’ ‘moments’
All declared Imports should be used.
Flavors: r-devel-linux-x86_64-fedora-clang, r-devel-linux-x86_64-fedora-gcc, r-oldrel-macos-arm64