CRAN Package Check Results for Package autocogs

Last updated on 2021-04-10 22:52:17 CEST.

Flavor Version Tinstall Tcheck Ttotal Status Flags
r-devel-linux-x86_64-debian-clang 0.1.3 5.08 56.91 61.99 NOTE
r-devel-linux-x86_64-debian-gcc 0.1.3 3.42 41.85 45.27 NOTE
r-devel-linux-x86_64-fedora-clang 0.1.3 80.65 NOTE
r-devel-linux-x86_64-fedora-gcc 0.1.3 67.33 NOTE
r-devel-windows-ix86+x86_64 0.1.3 9.00 59.00 68.00 NOTE
r-devel-windows-x86_64-gcc10-UCRT 0.1.3 NOTE
r-patched-linux-x86_64 0.1.3 5.02 53.37 58.39 OK
r-patched-solaris-x86 0.1.3 112.60 NOTE
r-release-linux-x86_64 0.1.3 4.37 53.73 58.10 OK
r-release-macos-x86_64 0.1.3 NOTE
r-release-windows-ix86+x86_64 0.1.3 13.00 79.00 92.00 OK
r-oldrel-macos-x86_64 0.1.3 NOTE
r-oldrel-windows-ix86+x86_64 0.1.3 10.00 72.00 82.00 OK

Check Details

Version: 0.1.3
Check: LazyData
Result: NOTE
     'LazyData' is specified without a 'data' directory
Flavors: r-devel-linux-x86_64-debian-clang, r-devel-linux-x86_64-debian-gcc, r-devel-linux-x86_64-fedora-clang, r-devel-linux-x86_64-fedora-gcc, r-devel-windows-ix86+x86_64, r-devel-windows-x86_64-gcc10-UCRT

Version: 0.1.3
Check: dependencies in R code
Result: NOTE
    Namespaces in Imports field not imported from:
     ‘MASS’ ‘broom’ ‘diptest’ ‘ggplot2’ ‘hexbin’ ‘moments’
     All declared Imports should be used.
Flavors: r-devel-linux-x86_64-fedora-clang, r-devel-linux-x86_64-fedora-gcc, r-devel-windows-x86_64-gcc10-UCRT, r-patched-solaris-x86, r-release-macos-x86_64, r-oldrel-macos-x86_64