Last updated on 2023-02-04 22:54:42 CET.
Flavor | Version | Tinstall | Tcheck | Ttotal | Status | Flags |
---|---|---|---|---|---|---|
r-devel-linux-x86_64-debian-clang | 0.4.0 | 4.87 | 128.14 | 133.01 | OK | |
r-devel-linux-x86_64-debian-gcc | 0.4.0 | 3.89 | 87.25 | 91.14 | OK | |
r-devel-linux-x86_64-fedora-clang | 0.4.0 | 152.24 | NOTE | |||
r-devel-linux-x86_64-fedora-gcc | 0.4.0 | 151.49 | OK | |||
r-devel-windows-x86_64 | 0.4.0 | 80.00 | 167.00 | 247.00 | OK | |
r-patched-linux-x86_64 | 0.4.0 | 6.22 | 110.92 | 117.14 | OK | |
r-release-linux-x86_64 | 0.4.0 | 3.51 | 104.75 | 108.26 | OK | |
r-release-macos-arm64 | 0.4.0 | 48.00 | OK | |||
r-release-macos-x86_64 | 0.4.0 | 55.00 | OK | |||
r-release-windows-x86_64 | 0.4.0 | 113.00 | 161.00 | 274.00 | OK | |
r-oldrel-macos-arm64 | 0.4.0 | 52.00 | OK | |||
r-oldrel-macos-x86_64 | 0.4.0 | 61.00 | OK | |||
r-oldrel-windows-ix86+x86_64 | 0.4.0 | 14.00 | 157.00 | 171.00 | OK |
Version: 0.4.0
Check: package dependencies
Result: NOTE
Imports includes 31 non-default packages.
Importing from so many packages makes the package vulnerable to any of
them becoming unavailable. Move as many as possible to Suggests and
use conditionally.
Flavor: r-devel-linux-x86_64-fedora-clang