CRAN Package Check Results for Package baRcodeR

Last updated on 2021-04-16 22:50:50 CEST.

Flavor Version Tinstall Tcheck Ttotal Status Flags
r-devel-linux-x86_64-debian-clang 0.1.5 3.68 38.57 42.25 NOTE
r-devel-linux-x86_64-debian-gcc 0.1.5 2.85 30.00 32.85 NOTE
r-devel-linux-x86_64-fedora-clang 0.1.5 62.84 NOTE
r-devel-linux-x86_64-fedora-gcc 0.1.5 51.73 NOTE
r-devel-windows-ix86+x86_64 0.1.5 8.00 60.00 68.00 NOTE
r-devel-windows-x86_64-gcc10-UCRT 0.1.5 NOTE
r-patched-linux-x86_64 0.1.5 3.20 37.97 41.17 OK
r-patched-solaris-x86 0.1.5 75.50 OK
r-release-linux-x86_64 0.1.5 3.65 38.42 42.07 OK
r-release-macos-x86_64 0.1.5 OK
r-release-windows-ix86+x86_64 0.1.5 19.00 62.00 81.00 OK
r-oldrel-macos-x86_64 0.1.5 OK
r-oldrel-windows-ix86+x86_64 0.1.5 5.00 55.00 60.00 OK

Check Details

Version: 0.1.5
Check: LazyData
Result: NOTE
     'LazyData' is specified without a 'data' directory
Flavors: r-devel-linux-x86_64-debian-clang, r-devel-linux-x86_64-debian-gcc, r-devel-linux-x86_64-fedora-clang, r-devel-linux-x86_64-fedora-gcc, r-devel-windows-ix86+x86_64, r-devel-windows-x86_64-gcc10-UCRT