Last updated on 2024-05-03 22:53:06 CEST.
Flavor | Version | Tinstall | Tcheck | Ttotal | Status | Flags |
---|---|---|---|---|---|---|
r-devel-linux-x86_64-debian-clang | 0.2.0 | 1.73 | 30.35 | 32.08 | OK | |
r-devel-linux-x86_64-fedora-clang | 0.2.0 | 41.61 | NOTE | |||
r-devel-linux-x86_64-fedora-gcc | 0.2.0 | 39.67 | NOTE | |||
r-devel-windows-x86_64 | 0.2.0 | 4.00 | 49.00 | 53.00 | OK | |
r-patched-linux-x86_64 | 0.2.0 | 2.67 | 30.09 | 32.76 | OK | |
r-release-linux-x86_64 | 0.2.0 | 1.79 | 30.90 | 32.69 | OK | |
r-release-macos-arm64 | 0.2.0 | 17.00 | OK | |||
r-release-windows-x86_64 | 0.2.0 | 3.00 | 47.00 | 50.00 | OK | |
r-oldrel-macos-arm64 | 0.2.0 | 21.00 | OK | |||
r-oldrel-macos-x86_64 | 0.2.0 | 27.00 | OK | |||
r-oldrel-windows-x86_64 | 0.2.0 | 3.00 | 55.00 | 58.00 | OK |
Version: 0.2.0
Check: data for non-ASCII characters
Result: NOTE
Note: found 260 marked UTF-8 strings
Flavors: r-devel-linux-x86_64-fedora-clang, r-devel-linux-x86_64-fedora-gcc