CRAN Package Check Results for Package bama

Last updated on 2023-12-09 21:54:10 CET.

Flavor Version Tinstall Tcheck Ttotal Status Flags
r-devel-linux-x86_64-debian-clang 1.3.0 58.44 38.57 97.01 NOTE
r-devel-linux-x86_64-debian-gcc 1.3.0 39.52 29.26 68.78 NOTE
r-devel-linux-x86_64-fedora-clang 1.3.0 138.41 NOTE
r-devel-linux-x86_64-fedora-gcc 1.3.0 142.05 NOTE
r-devel-windows-x86_64 1.3.0 42.00 77.00 119.00 NOTE
r-patched-linux-x86_64 1.3.0 49.78 37.89 87.67 NOTE
r-release-linux-x86_64 1.3.0 48.96 37.39 86.35 NOTE
r-release-macos-arm64 1.3.0 44.00 NOTE
r-release-macos-x86_64 1.3.0 70.00 NOTE
r-release-windows-x86_64 1.3.0 53.00 83.00 136.00 NOTE
r-oldrel-macos-arm64 1.3.0 41.00 OK
r-oldrel-macos-x86_64 1.3.0 48.00 OK
r-oldrel-windows-x86_64 1.3.0 51.00 83.00 134.00 OK

Check Details

Version: 1.3.0
Check: C++ specification
Result: NOTE Specified C++11: please drop specification unless essential Flavors: r-devel-linux-x86_64-debian-clang, r-devel-linux-x86_64-debian-gcc, r-devel-linux-x86_64-fedora-clang, r-devel-linux-x86_64-fedora-gcc, r-devel-windows-x86_64, r-patched-linux-x86_64, r-release-linux-x86_64, r-release-macos-arm64, r-release-macos-x86_64, r-release-windows-x86_64

Version: 1.3.0
Check: Rd files
Result: NOTE checkRd: (-1) bama.Rd:39: Lost braces in \itemize; meant \describe ? checkRd: (-1) bama.Rd:40: Lost braces in \itemize; meant \describe ? checkRd: (-1) bama.Rd:41: Lost braces in \itemize; meant \describe ? checkRd: (-1) bama.Rd:52-53: Lost braces in \itemize; meant \describe ? checkRd: (-1) bama.Rd:54-55: Lost braces in \itemize; meant \describe ? checkRd: (-1) bama.Rd:62: Lost braces in \itemize; meant \describe ? checkRd: (-1) bama.Rd:63-64: Lost braces in \itemize; meant \describe ? checkRd: (-1) bama.Rd:65-66: Lost braces in \itemize; meant \describe ? checkRd: (-1) bama.Rd:67-68: Lost braces in \itemize; meant \describe ? checkRd: (-1) bama.Rd:69: Lost braces in \itemize; meant \describe ? checkRd: (-1) bama.Rd:73: Lost braces in \itemize; meant \describe ? checkRd: (-1) bama.Rd:74: Lost braces in \itemize; meant \describe ? checkRd: (-1) bama.Rd:75: Lost braces in \itemize; meant \describe ? checkRd: (-1) bama.Rd:76: Lost braces in \itemize; meant \describe ? checkRd: (-1) bama.Rd:77: Lost braces in \itemize; meant \describe ? checkRd: (-1) bama.Rd:78: Lost braces in \itemize; meant \describe ? checkRd: (-1) bama.Rd:79: Lost braces in \itemize; meant \describe ? checkRd: (-1) bama.Rd:80: Lost braces in \itemize; meant \describe ? checkRd: (-1) bama.Rd:81: Lost braces in \itemize; meant \describe ? checkRd: (-1) bama.Rd:82: Lost braces in \itemize; meant \describe ? checkRd: (-1) bama.Rd:83: Lost braces in \itemize; meant \describe ? checkRd: (-1) bama.Rd:84: Lost braces in \itemize; meant \describe ? checkRd: (-1) bama.Rd:85: Lost braces in \itemize; meant \describe ? checkRd: (-1) bama.Rd:89: Lost braces in \itemize; meant \describe ? checkRd: (-1) bama.Rd:90: Lost braces in \itemize; meant \describe ? checkRd: (-1) bama.Rd:91: Lost braces in \itemize; meant \describe ? checkRd: (-1) bama.Rd:92: Lost braces in \itemize; meant \describe ? checkRd: (-1) bama.Rd:93: Lost braces in \itemize; meant \describe ? checkRd: (-1) bama.Rd:94: Lost braces in \itemize; meant \describe ? checkRd: (-1) bama.Rd:95: Lost braces in \itemize; meant \describe ? checkRd: (-1) bama.Rd:96: Lost braces in \itemize; meant \describe ? checkRd: (-1) bama.Rd:97: Lost braces in \itemize; meant \describe ? checkRd: (-1) bama.Rd:98: Lost braces in \itemize; meant \describe ? checkRd: (-1) bama.Rd:99: Lost braces in \itemize; meant \describe ? checkRd: (-1) bama.Rd:100: Lost braces in \itemize; meant \describe ? Flavors: r-devel-linux-x86_64-debian-clang, r-devel-linux-x86_64-debian-gcc