Last updated on 2023-12-08 21:58:24 CET.
Flavor | Version | Tinstall | Tcheck | Ttotal | Status | Flags |
---|---|---|---|---|---|---|
r-devel-linux-x86_64-debian-clang | 0.4.3 | 69.55 | 545.40 | 614.95 | NOTE | |
r-devel-linux-x86_64-debian-gcc | 0.4.3 | 61.75 | 378.18 | 439.93 | NOTE | |
r-devel-linux-x86_64-fedora-clang | 0.4.3 | 832.49 | NOTE | |||
r-devel-linux-x86_64-fedora-gcc | 0.4.3 | 776.96 | NOTE | |||
r-devel-windows-x86_64 | 0.4.3 | 60.00 | 445.00 | 505.00 | NOTE | |
r-patched-linux-x86_64 | 0.4.3 | 61.10 | 499.13 | 560.23 | NOTE | |
r-release-linux-x86_64 | 0.4.3 | 65.67 | 485.95 | 551.62 | NOTE | |
r-release-macos-arm64 | 0.4.3 | 224.00 | NOTE | |||
r-release-macos-x86_64 | 0.4.3 | 422.00 | NOTE | |||
r-release-windows-x86_64 | 0.4.3 | 80.00 | 598.00 | 678.00 | NOTE | |
r-oldrel-macos-arm64 | 0.4.3 | 209.00 | OK | |||
r-oldrel-macos-x86_64 | 0.4.3 | 296.00 | OK | |||
r-oldrel-windows-x86_64 | 0.4.3 | 83.00 | 582.00 | 665.00 | OK |
Version: 0.4.3
Check: C++ specification
Result: NOTE
Specified C++11: please drop specification unless essential
Flavors: r-devel-linux-x86_64-debian-clang, r-devel-linux-x86_64-debian-gcc, r-devel-linux-x86_64-fedora-clang, r-devel-linux-x86_64-fedora-gcc, r-devel-windows-x86_64, r-patched-linux-x86_64, r-release-linux-x86_64, r-release-macos-arm64, r-release-macos-x86_64, r-release-windows-x86_64
Version: 0.4.3
Check: Rd files
Result: NOTE
checkRd: (-1) null_dispersion_field_distribution.Rd:34: Lost braces
34 | random values it uses the function code{\link[bamm]{permute_pam}}
| ^
Flavors: r-devel-linux-x86_64-debian-clang, r-devel-linux-x86_64-debian-gcc