Last updated on 2024-05-03 22:53:06 CEST.
Flavor | Version | Tinstall | Tcheck | Ttotal | Status | Flags |
---|---|---|---|---|---|---|
r-devel-linux-x86_64-debian-clang | 1.0-6 | 8.56 | 81.98 | 90.54 | NOTE | |
r-devel-linux-x86_64-fedora-clang | 1.0-8 | 253.46 | OK | |||
r-devel-linux-x86_64-fedora-gcc | 1.0-8 | 236.39 | OK | |||
r-devel-windows-x86_64 | 1.0-8 | 6.00 | 203.00 | 209.00 | OK | |
r-patched-linux-x86_64 | 1.0-6 | 8.20 | 78.43 | 86.63 | NOTE | |
r-release-linux-x86_64 | 1.0-6 | 4.91 | 78.99 | 83.90 | NOTE | |
r-release-macos-arm64 | 1.0-8 | 33.00 | OK | |||
r-release-macos-x86_64 | 1.0-8 | 80.00 | OK | |||
r-release-windows-x86_64 | 1.0-6 | 7.00 | 71.00 | 78.00 | NOTE | |
r-oldrel-macos-arm64 | 1.0-8 | 37.00 | OK | |||
r-oldrel-macos-x86_64 | 1.0-8 | 76.00 | OK | |||
r-oldrel-windows-x86_64 | 1.0-8 | 6.00 | 221.00 | 227.00 | OK |
Version: 1.0-6
Check: Rd files
Result: NOTE
checkRd: (-1) plot.Rd:61: Lost braces
61 | Argument to code{\link{hist}}.
| ^
checkRd: (-1) plot.Rd:126-128: Lost braces in \itemize; meant \describe ?
checkRd: (-1) plot.Rd:129: Lost braces in \itemize; meant \describe ?
checkRd: (-1) plot.Rd:130: Lost braces in \itemize; meant \describe ?
checkRd: (-1) plot.Rd:131: Lost braces in \itemize; meant \describe ?
checkRd: (-1) plot.Rd:132: Lost braces in \itemize; meant \describe ?
checkRd: (-1) plot.Rd:133: Lost braces in \itemize; meant \describe ?
checkRd: (-1) plot.Rd:134: Lost braces in \itemize; meant \describe ?
checkRd: (-1) plot.Rd:135: Lost braces in \itemize; meant \describe ?
checkRd: (-1) plot.Rd:136-137: Lost braces in \itemize; meant \describe ?
checkRd: (-1) plot.Rd:138: Lost braces in \itemize; meant \describe ?
checkRd: (-1) plot.Rd:139: Lost braces in \itemize; meant \describe ?
Flavors: r-devel-linux-x86_64-debian-clang, r-patched-linux-x86_64, r-release-linux-x86_64, r-release-windows-x86_64