Last updated on 2023-12-01 21:53:58 CET.
Flavor | Version | Tinstall | Tcheck | Ttotal | Status | Flags |
---|---|---|---|---|---|---|
r-devel-linux-x86_64-debian-clang | 0.1.0 | 28.78 | 104.61 | 133.39 | NOTE | |
r-devel-linux-x86_64-debian-gcc | 0.1.0 | 22.78 | 69.59 | 92.37 | NOTE | |
r-devel-linux-x86_64-fedora-clang | 0.1.0 | 191.82 | NOTE | |||
r-devel-linux-x86_64-fedora-gcc | 0.1.0 | 172.27 | NOTE | |||
r-devel-windows-x86_64 | 0.1.0 | 26.00 | 114.00 | 140.00 | NOTE | |
r-patched-linux-x86_64 | 0.1.0 | 23.01 | 99.07 | 122.08 | NOTE | |
r-release-linux-x86_64 | 0.1.0 | 23.00 | 99.97 | 122.97 | NOTE | |
r-release-macos-arm64 | 0.1.0 | 45.00 | NOTE | |||
r-release-macos-x86_64 | 0.1.0 | 80.00 | NOTE | |||
r-release-windows-x86_64 | 0.1.0 | 34.00 | 129.00 | 163.00 | NOTE | |
r-oldrel-macos-arm64 | 0.1.0 | 41.00 | OK | |||
r-oldrel-macos-x86_64 | 0.1.0 | 60.00 | OK | |||
r-oldrel-windows-x86_64 | 0.1.0 | 33.00 | 122.00 | 155.00 | OK |
Version: 0.1.0
Check: C++ specification
Result: NOTE
Specified C++11: please drop specification unless essential
Flavors: r-devel-linux-x86_64-debian-clang, r-devel-linux-x86_64-debian-gcc, r-devel-linux-x86_64-fedora-clang, r-devel-linux-x86_64-fedora-gcc, r-devel-windows-x86_64, r-patched-linux-x86_64, r-release-linux-x86_64, r-release-macos-arm64, r-release-macos-x86_64, r-release-windows-x86_64