CRAN Package Check Results for Package batchtools

Last updated on 2020-01-17 22:50:46 CET.

Flavor Version Tinstall Tcheck Ttotal Status Flags
r-devel-linux-x86_64-debian-clang 0.9.12 14.72 303.42 318.14 OK
r-devel-linux-x86_64-debian-gcc 0.9.12 10.19 271.93 282.12 OK
r-devel-linux-x86_64-fedora-clang 0.9.12 264.76 OK
r-devel-linux-x86_64-fedora-gcc 0.9.12 288.09 OK
r-devel-windows-ix86+x86_64 0.9.12 41.00 297.00 338.00 OK
r-devel-windows-ix86+x86_64-gcc8 0.9.12 28.00 366.00 394.00 OK
r-patched-linux-x86_64 0.9.12 11.21 244.63 255.84 OK
r-patched-solaris-x86 0.9.12 256.80 OK
r-release-linux-x86_64 0.9.12 10.52 239.10 249.62 OK
r-release-windows-ix86+x86_64 0.9.12 33.00 388.00 421.00 OK
r-release-osx-x86_64 0.9.12 NOTE
r-oldrel-windows-ix86+x86_64 0.9.12 23.00 349.00 372.00 OK
r-oldrel-osx-x86_64 0.9.12 NOTE

Check Details

Version: 0.9.12
Check: package dependencies
Result: NOTE
    Package suggested but not available for checking: ‘doMPI’
Flavors: r-release-osx-x86_64, r-oldrel-osx-x86_64

Version: 0.9.12
Check: Rd cross-references
Result: NOTE
    Package unavailable to check Rd xrefs: ‘Rmpi’
Flavors: r-release-osx-x86_64, r-oldrel-osx-x86_64