CRAN Package Check Results for Package batchtools

Last updated on 2019-08-25 22:46:56 CEST.

Flavor Version Tinstall Tcheck Ttotal Status Flags
r-devel-linux-x86_64-debian-clang 0.9.11 13.11 291.08 304.19 OK
r-devel-linux-x86_64-debian-gcc 0.9.11 9.71 259.63 269.34 OK
r-devel-linux-x86_64-fedora-clang 0.9.11 253.81 OK
r-devel-linux-x86_64-fedora-gcc 0.9.11 232.41 NOTE
r-devel-windows-ix86+x86_64 0.9.11 42.00 281.00 323.00 OK
r-patched-linux-x86_64 0.9.11 12.34 250.75 263.09 OK
r-patched-solaris-x86 0.9.11 258.10 OK
r-release-linux-x86_64 0.9.11 10.10 241.03 251.13 OK
r-release-windows-ix86+x86_64 0.9.11 35.00 370.00 405.00 OK
r-release-osx-x86_64 0.9.11 NOTE
r-oldrel-windows-ix86+x86_64 0.9.11 29.00 376.00 405.00 OK
r-oldrel-osx-x86_64 0.9.11 NOTE

Check Details

Version: 0.9.11
Check: for detritus in the temp directory
Result: NOTE
    Found the following files/directories:
     ‘ompi.gannet.1234’
Flavor: r-devel-linux-x86_64-fedora-gcc

Version: 0.9.11
Check: package dependencies
Result: NOTE
    Package suggested but not available for checking: ‘doMPI’
Flavors: r-release-osx-x86_64, r-oldrel-osx-x86_64

Version: 0.9.11
Check: Rd cross-references
Result: NOTE
    Package unavailable to check Rd xrefs: ‘Rmpi’
Flavors: r-release-osx-x86_64, r-oldrel-osx-x86_64