CRAN Package Check Results for Package batchtools

Last updated on 2021-04-20 22:52:49 CEST.

Flavor Version Tinstall Tcheck Ttotal Status Flags
r-devel-linux-x86_64-debian-clang 0.9.15 12.60 158.91 171.51 OK
r-devel-linux-x86_64-debian-gcc 0.9.15 9.66 119.27 128.93 OK
r-devel-linux-x86_64-fedora-clang 0.9.15 215.92 NOTE
r-devel-linux-x86_64-fedora-gcc 0.9.15 196.29 OK
r-devel-windows-ix86+x86_64 0.9.15 28.00 240.00 268.00 OK
r-devel-windows-x86_64-gcc10-UCRT 0.9.15 OK
r-patched-linux-x86_64 0.9.15 16.67 149.74 166.41 WARN
r-patched-solaris-x86 0.9.15 284.10 OK
r-release-linux-x86_64 0.9.15 14.76 148.04 162.80 OK
r-release-macos-x86_64 0.9.15 NOTE
r-release-windows-ix86+x86_64 0.9.15 28.00 334.00 362.00 OK
r-oldrel-macos-x86_64 0.9.15 NOTE
r-oldrel-windows-ix86+x86_64 0.9.15 48.00 323.00 371.00 OK

Check Details

Version: 0.9.15
Check: Rd cross-references
Result: NOTE
    Undeclared package ‘Rmpi’ in Rd xrefs
Flavor: r-devel-linux-x86_64-fedora-clang

Version: 0.9.15
Check: whether package can be installed
Result: WARN
    Found the following significant warnings:
     Rd warning: /tmp/Rtmp9pZTF5/R.INSTALL43b777850e8/batchtools/man/JobCollection.Rd:40: file link ‘require’ in package ‘base’ does not exist and so has been treated as a topic
     Rd warning: /tmp/Rtmp9pZTF5/R.INSTALL43b777850e8/batchtools/man/JobCollection.Rd:41: file link ‘requireNamespace’ in package ‘base’ does not exist and so has been treated as a topic
     Rd warning: /tmp/Rtmp9pZTF5/R.INSTALL43b777850e8/batchtools/man/batchMap.Rd:45: file link ‘Map’ in package ‘base’ does not exist and so has been treated as a topic
     Rd warning: /tmp/Rtmp9pZTF5/R.INSTALL43b777850e8/batchtools/man/batchMap.Rd:51: file link ‘Map’ in package ‘base’ does not exist and so has been treated as a topic
     Rd warning: /tmp/Rtmp9pZTF5/R.INSTALL43b777850e8/batchtools/man/batchReduce.Rd:39: file link ‘Reduce’ in package ‘base’ does not exist and so has been treated as a topic
     Rd warning: /tmp/Rtmp9pZTF5/R.INSTALL43b777850e8/batchtools/man/batchReduce.Rd:24: file link ‘Reduce’ in package ‘base’ does not exist and so has been treated as a topic
     Rd warning: /tmp/Rtmp9pZTF5/R.INSTALL43b777850e8/batchtools/man/btlapply.Rd:61: file link ‘simplify2array’ in package ‘base’ does not exist and so has been treated as a topic
     Rd warning: /tmp/Rtmp9pZTF5/R.INSTALL43b777850e8/batchtools/man/findTemplateFile.Rd:15: file link ‘user_config_dir’ in package ‘rappdirs’ does not exist and so has been treated as a topic
     Rd warning: /tmp/Rtmp9pZTF5/R.INSTALL43b777850e8/batchtools/man/getJobTable.Rd:36: file link ‘POSIXct’ in package ‘base’ does not exist and so has been treated as a topic
     Rd warning: /tmp/Rtmp9pZTF5/R.INSTALL43b777850e8/batchtools/man/getJobTable.Rd:37: file link ‘POSIXct’ in package ‘base’ does not exist and so has been treated as a topic
     Rd warning: /tmp/Rtmp9pZTF5/R.INSTALL43b777850e8/batchtools/man/getJobTable.Rd:38: file link ‘POSIXct’ in package ‘base’ does not exist and so has been treated as a topic
     Rd warning: /tmp/Rtmp9pZTF5/R.INSTALL43b777850e8/batchtools/man/loadRegistry.Rd:24: file link ‘tempdir’ in package ‘base’ does not exist and so has been treated as a topic
     Rd warning: /tmp/Rtmp9pZTF5/R.INSTALL43b777850e8/batchtools/man/makeClusterFunctionsLSF.Rd:19: file link ‘user_config_dir’ in package ‘rappdirs’ does not exist and so has been treated as a topic
     Rd warning: /tmp/Rtmp9pZTF5/R.INSTALL43b777850e8/batchtools/man/makeClusterFunctionsOpenLava.Rd:19: file link ‘user_config_dir’ in package ‘rappdirs’ does not exist and so has been treated as a topic
     Rd warning: /tmp/Rtmp9pZTF5/R.INSTALL43b777850e8/batchtools/man/makeClusterFunctionsSGE.Rd:20: file link ‘user_config_dir’ in package ‘rappdirs’ does not exist and so has been treated as a topic
     Rd warning: /tmp/Rtmp9pZTF5/R.INSTALL43b777850e8/batchtools/man/makeClusterFunctionsSlurm.Rd:21: file link ‘user_config_dir’ in package ‘rappdirs’ does not exist and so has been treated as a topic
     Rd warning: /tmp/Rtmp9pZTF5/R.INSTALL43b777850e8/batchtools/man/makeClusterFunctionsTORQUE.Rd:19: file link ‘user_config_dir’ in package ‘rappdirs’ does not exist and so has been treated as a topic
     Rd warning: /tmp/Rtmp9pZTF5/R.INSTALL43b777850e8/batchtools/man/makeExperimentRegistry.Rd:29: file link ‘tempdir’ in package ‘base’ does not exist and so has been treated as a topic
     Rd warning: /tmp/Rtmp9pZTF5/R.INSTALL43b777850e8/batchtools/man/makeExperimentRegistry.Rd:62: file link ‘require’ in package ‘base’ does not exist and so has been treated as a topic
     Rd warning: /tmp/Rtmp9pZTF5/R.INSTALL43b777850e8/batchtools/man/makeExperimentRegistry.Rd:67: file link ‘requireNamespace’ in package ‘base’ does not exist and so has been treated as a topic
     Rd warning: /tmp/Rtmp9pZTF5/R.INSTALL43b777850e8/batchtools/man/makeExperimentRegistry.Rd:72: file link ‘.GlobalEnv’ in package ‘base’ does not exist and so has been treated as a topic
     Rd warning: /tmp/Rtmp9pZTF5/R.INSTALL43b777850e8/batchtools/man/makeExperimentRegistry.Rd:76: file link ‘.GlobalEnv’ in package ‘base’ does not exist and so has been treated as a topic
     Rd warning: /tmp/Rtmp9pZTF5/R.INSTALL43b777850e8/batchtools/man/makeRegistry.Rd:29: file link ‘tempdir’ in package ‘base’ does not exist and so has been treated as a topic
     Rd warning: /tmp/Rtmp9pZTF5/R.INSTALL43b777850e8/batchtools/man/makeRegistry.Rd:62: file link ‘require’ in package ‘base’ does not exist and so has been treated as a topic
     Rd warning: /tmp/Rtmp9pZTF5/R.INSTALL43b777850e8/batchtools/man/makeRegistry.Rd:67: file link ‘requireNamespace’ in package ‘base’ does not exist and so has been treated as a topic
     Rd warning: /tmp/Rtmp9pZTF5/R.INSTALL43b777850e8/batchtools/man/makeRegistry.Rd:72: file link ‘.GlobalEnv’ in package ‘base’ does not exist and so has been treated as a topic
     Rd warning: /tmp/Rtmp9pZTF5/R.INSTALL43b777850e8/batchtools/man/makeRegistry.Rd:76: file link ‘.GlobalEnv’ in package ‘base’ does not exist and so has been treated as a topic
     Rd warning: /tmp/Rtmp9pZTF5/R.INSTALL43b777850e8/batchtools/man/reduceResults.Rd:42: file link ‘Reduce’ in package ‘base’ does not exist and so has been treated as a topic
     Rd warning: /tmp/Rtmp9pZTF5/R.INSTALL43b777850e8/batchtools/man/reduceResults.Rd:13: file link ‘Reduce’ in package ‘base’ does not exist and so has been treated as a topic
     Rd warning: /tmp/Rtmp9pZTF5/R.INSTALL43b777850e8/batchtools/man/reduceResults.Rd:26: file link ‘Reduce’ in package ‘base’ does not exist and so has been treated as a topic
Flavor: r-patched-linux-x86_64

Version: 0.9.15
Check: package dependencies
Result: NOTE
    Package suggested but not available for checking: ‘doMPI’
Flavors: r-release-macos-x86_64, r-oldrel-macos-x86_64

Version: 0.9.15
Check: Rd cross-references
Result: NOTE
    Package unavailable to check Rd xrefs: ‘Rmpi’
Flavors: r-release-macos-x86_64, r-oldrel-macos-x86_64