Last updated on 2023-10-01 23:03:39 CEST.
Flavor | Version | Tinstall | Tcheck | Ttotal | Status | Flags |
---|---|---|---|---|---|---|
r-devel-linux-x86_64-debian-clang | 0.0.2 | 882.92 | 341.71 | 1224.63 | NOTE | |
r-devel-linux-x86_64-debian-gcc | 0.0.2 | 679.99 | 286.69 | 966.68 | NOTE | |
r-devel-linux-x86_64-fedora-clang | 0.0.2 | 1445.30 | NOTE | |||
r-devel-linux-x86_64-fedora-gcc | 0.0.2 | 1399.36 | NOTE | |||
r-devel-windows-x86_64 | 0.0.2 | 611.00 | 319.00 | 930.00 | NOTE | |
r-patched-linux-x86_64 | 0.0.2 | 623.94 | 371.10 | 995.04 | NOTE | |
r-release-linux-x86_64 | 0.0.2 | 0.02 | 2.37 | 2.39 | ERROR | |
r-release-macos-arm64 | 0.0.2 | 349.00 | NOTE | |||
r-release-macos-x86_64 | 0.0.2 | 542.00 | NOTE | |||
r-release-windows-x86_64 | 0.0.2 | 788.00 | 415.00 | 1203.00 | NOTE | |
r-oldrel-macos-arm64 | 0.0.2 | 312.00 | NOTE | |||
r-oldrel-macos-x86_64 | 0.0.2 | 492.00 | NOTE | |||
r-oldrel-windows-x86_64 | 0.0.2 | 766.00 | 376.00 | 1142.00 | NOTE |
Version: 0.0.2
Check: for GNU extensions in Makefiles
Result: NOTE
GNU make is a SystemRequirements.
Flavors: r-devel-linux-x86_64-debian-clang, r-devel-linux-x86_64-debian-gcc, r-devel-linux-x86_64-fedora-clang, r-devel-linux-x86_64-fedora-gcc, r-devel-windows-x86_64, r-patched-linux-x86_64, r-release-macos-arm64, r-release-macos-x86_64, r-release-windows-x86_64, r-oldrel-macos-arm64, r-oldrel-macos-x86_64, r-oldrel-windows-x86_64
Version: 0.0.2
Check: installed package size
Result: NOTE
installed size is 8.4Mb
sub-directories of 1Mb or more:
libs 7.3Mb
Flavors: r-devel-linux-x86_64-fedora-clang, r-devel-windows-x86_64, r-release-macos-arm64, r-release-macos-x86_64, r-release-windows-x86_64, r-oldrel-macos-arm64, r-oldrel-macos-x86_64, r-oldrel-windows-x86_64
Version: 0.0.2
Check: dependencies in R code
Result: NOTE
Namespaces in Imports field not imported from:
‘MASS’ ‘RcppParallel’ ‘mlbench’ ‘rstantools’
All declared Imports should be used.
Flavors: r-devel-linux-x86_64-fedora-clang, r-devel-linux-x86_64-fedora-gcc, r-oldrel-macos-arm64, r-oldrel-macos-x86_64
Version: 0.0.2
Check: whether package can be installed
Result: ERROR
Installation failed.
Flavor: r-release-linux-x86_64