CRAN Package Check Results for Package bayesGARCH

Last updated on 2019-06-15 22:58:33 CEST.

Flavor Version Tinstall Tcheck Ttotal Status Flags
r-devel-linux-x86_64-debian-clang 2.1.3 2.48 27.78 30.26 OK
r-devel-linux-x86_64-debian-gcc 2.1.3 2.32 22.37 24.69 OK
r-devel-linux-x86_64-fedora-clang 2.1.3 36.84 NOTE
r-devel-linux-x86_64-fedora-gcc 2.1.3 35.43 NOTE
r-devel-windows-ix86+x86_64 2.1.3 15.00 55.00 70.00 OK
r-patched-linux-x86_64 2.1.3 2.62 26.15 28.77 OK
r-patched-solaris-x86 2.1.3 57.00 OK
r-release-linux-x86_64 2.1.3 2.81 27.90 30.71 OK
r-release-windows-ix86+x86_64 2.1.3 9.00 68.00 77.00 OK
r-release-osx-x86_64 2.1.3 OK
r-oldrel-windows-ix86+x86_64 2.1.3 6.00 70.00 76.00 OK
r-oldrel-osx-x86_64 2.1.3 OK

Check Details

Version: 2.1.3
Check: compiled code
Result: NOTE
    File ‘bayesGARCH/libs/bayesGARCH.so’:
     Found no calls to: ‘R_registerRoutines’, ‘R_useDynamicSymbols’
    
    It is good practice to register native routines and to disable symbol
    search.
    
    See ‘Writing portable packages’ in the ‘Writing R Extensions’ manual.
Flavors: r-devel-linux-x86_64-fedora-clang, r-devel-linux-x86_64-fedora-gcc