CRAN Package Check Results for Package bayesGARCH

Last updated on 2018-02-24 22:47:19 CET.

Flavor Version Tinstall Tcheck Ttotal Status Flags
r-devel-linux-x86_64-debian-clang 2.1.3 2.27 26.80 29.07 NOTE
r-devel-linux-x86_64-debian-gcc 2.1.3 1.35 20.54 21.89 NOTE
r-devel-linux-x86_64-fedora-clang 2.1.3 33.57 NOTE
r-devel-linux-x86_64-fedora-gcc 2.1.3 32.15 NOTE
r-devel-windows-ix86+x86_64 2.1.3 7.00 68.00 75.00 OK
r-patched-linux-x86_64 2.1.3 1.56 28.07 29.63 NOTE
r-patched-solaris-x86 2.1.3 45.80 OK
r-release-linux-x86_64 2.1.3 1.64 27.87 29.51 NOTE
r-release-windows-ix86+x86_64 2.1.3 7.00 64.00 71.00 OK
r-release-osx-x86_64 2.1.3 OK
r-oldrel-windows-ix86+x86_64 2.1.3 7.00 59.00 66.00 OK
r-oldrel-osx-x86_64 2.1.3 OK

Check Details

Version: 2.1.3
Check: compiled code
Result: NOTE
    File ‘bayesGARCH/libs/bayesGARCH.so’:
     Found no calls to: ‘R_registerRoutines’, ‘R_useDynamicSymbols’
    
    It is good practice to register native routines and to disable symbol
    search.
    
    See ‘Writing portable packages’ in the ‘Writing R Extensions’ manual.
Flavors: r-devel-linux-x86_64-debian-clang, r-devel-linux-x86_64-debian-gcc, r-devel-linux-x86_64-fedora-clang, r-devel-linux-x86_64-fedora-gcc, r-patched-linux-x86_64, r-release-linux-x86_64