CRAN Package Check Results for Package bayesGARCH

Last updated on 2017-11-23 22:46:31 CET.

Flavor Version Tinstall Tcheck Ttotal Status Flags
r-devel-linux-x86_64-debian-clang 2.1.3 3.09 27.50 30.58 NOTE
r-devel-linux-x86_64-debian-gcc 2.1.3 1.24 44.75 45.99 NOTE
r-devel-linux-x86_64-fedora-clang 2.1.3 30.91 NOTE
r-devel-linux-x86_64-fedora-gcc 2.1.3 30.83 NOTE
r-devel-windows-ix86+x86_64 2.1.3 7.00 70.00 77.00 OK
r-patched-linux-x86_64 2.1.3 1.62 48.61 50.22 NOTE
r-patched-solaris-x86 2.1.3 46.30 OK
r-release-linux-x86_64 2.1.3 1.27 18.79 20.06 NOTE
r-release-windows-ix86+x86_64 2.1.3 6.00 72.00 78.00 OK
r-release-osx-x86_64 2.1.3 OK
r-oldrel-windows-ix86+x86_64 2.1.3 6.00 68.00 74.00 OK
r-oldrel-osx-x86_64 2.1.3 OK

Check Details

Version: 2.1.3
Check: compiled code
Result: NOTE
    File ‘bayesGARCH/libs/bayesGARCH.so’:
     Found no calls to: ‘R_registerRoutines’, ‘R_useDynamicSymbols’
    
    It is good practice to register native routines and to disable symbol
    search.
    
    See ‘Writing portable packages’ in the ‘Writing R Extensions’ manual.
Flavors: r-devel-linux-x86_64-debian-clang, r-devel-linux-x86_64-debian-gcc, r-devel-linux-x86_64-fedora-clang, r-devel-linux-x86_64-fedora-gcc, r-patched-linux-x86_64, r-release-linux-x86_64