CRAN Package Check Results for Package bayesGARCH

Last updated on 2018-06-24 22:49:09 CEST.

Flavor Version Tinstall Tcheck Ttotal Status Flags
r-devel-linux-x86_64-debian-clang 2.1.3 1.98 28.37 30.35 NOTE
r-devel-linux-x86_64-debian-gcc 2.1.3 1.64 21.83 23.47 NOTE
r-devel-linux-x86_64-fedora-clang 2.1.3 35.10 NOTE
r-devel-linux-x86_64-fedora-gcc 2.1.3 32.59 NOTE
r-devel-windows-ix86+x86_64 2.1.3 11.00 53.00 64.00 OK
r-patched-linux-x86_64 2.1.3 2.07 26.24 28.31 NOTE
r-patched-solaris-x86 2.1.3 50.90 OK
r-release-linux-x86_64 2.1.3 1.91 26.30 28.21 NOTE
r-release-windows-ix86+x86_64 2.1.3 9.00 55.00 64.00 OK
r-release-osx-x86_64 2.1.3 OK
r-oldrel-windows-ix86+x86_64 2.1.3 11.00 72.00 83.00 OK
r-oldrel-osx-x86_64 2.1.3 OK

Check Details

Version: 2.1.3
Check: compiled code
Result: NOTE
    File ‘bayesGARCH/libs/bayesGARCH.so’:
     Found no calls to: ‘R_registerRoutines’, ‘R_useDynamicSymbols’
    
    It is good practice to register native routines and to disable symbol
    search.
    
    See ‘Writing portable packages’ in the ‘Writing R Extensions’ manual.
Flavors: r-devel-linux-x86_64-debian-clang, r-devel-linux-x86_64-debian-gcc, r-devel-linux-x86_64-fedora-clang, r-devel-linux-x86_64-fedora-gcc, r-patched-linux-x86_64, r-release-linux-x86_64