CRAN Package Check Results for Package bayesGARCH

Last updated on 2020-07-11 22:49:54 CEST.

Flavor Version Tinstall Tcheck Ttotal Status Flags
r-devel-linux-x86_64-debian-clang 2.1.5 2.60 30.69 33.29 OK
r-devel-linux-x86_64-debian-gcc 2.1.5 2.56 23.63 26.19 OK
r-devel-linux-x86_64-fedora-gcc 2.1.5 39.98 NOTE
r-devel-windows-ix86+x86_64 2.1.5 15.00 73.00 88.00 OK
r-patched-linux-x86_64 2.1.5 2.82 30.28 33.10 OK
r-patched-solaris-x86 2.1.5 59.70 OK
r-release-linux-x86_64 2.1.5 3.32 30.32 33.64 OK
r-release-macos-x86_64 2.1.5 OK
r-release-windows-ix86+x86_64 2.1.5 12.00 56.00 68.00 OK
r-oldrel-macos-x86_64 2.1.5 OK
r-oldrel-windows-ix86+x86_64 2.1.5 9.00 68.00 77.00 OK

Check Details

Version: 2.1.5
Check: compiled code
Result: NOTE
    File ‘bayesGARCH/libs/bayesGARCH.so’:
     Found no calls to: ‘R_registerRoutines’, ‘R_useDynamicSymbols’
    
    It is good practice to register native routines and to disable symbol
    search.
    
    See ‘Writing portable packages’ in the ‘Writing R Extensions’ manual.
Flavor: r-devel-linux-x86_64-fedora-gcc