CRAN Package Check Results for Package bayesGARCH

Last updated on 2018-09-23 22:46:48 CEST.

Flavor Version Tinstall Tcheck Ttotal Status Flags
r-devel-linux-x86_64-debian-clang 2.1.3 2.18 26.99 29.17 OK
r-devel-linux-x86_64-debian-gcc 2.1.3 1.65 22.31 23.96 OK
r-devel-linux-x86_64-fedora-clang 2.1.3 30.22 NOTE
r-devel-linux-x86_64-fedora-gcc 2.1.3 28.53 NOTE
r-devel-windows-ix86+x86_64 2.1.3 8.00 51.00 59.00 OK
r-patched-linux-x86_64 2.1.3 1.63 24.50 26.13 OK
r-patched-solaris-x86 2.1.3 51.10 OK
r-release-linux-x86_64 2.1.3 1.85 25.36 27.21 OK
r-release-windows-ix86+x86_64 2.1.3 6.00 64.00 70.00 OK
r-release-osx-x86_64 2.1.3 OK
r-oldrel-windows-ix86+x86_64 2.1.3 6.00 73.00 79.00 OK
r-oldrel-osx-x86_64 2.1.3 OK

Check Details

Version: 2.1.3
Check: compiled code
Result: NOTE
    File ‘bayesGARCH/libs/bayesGARCH.so’:
     Found no calls to: ‘R_registerRoutines’, ‘R_useDynamicSymbols’
    
    It is good practice to register native routines and to disable symbol
    search.
    
    See ‘Writing portable packages’ in the ‘Writing R Extensions’ manual.
Flavors: r-devel-linux-x86_64-fedora-clang, r-devel-linux-x86_64-fedora-gcc