CRAN Package Check Results for Package bayesImageS

Last updated on 2018-09-24 22:52:09 CEST.

Flavor Version Tinstall Tcheck Ttotal Status Flags
r-devel-linux-x86_64-debian-clang 0.5-3 59.50 78.02 137.52 OK
r-devel-linux-x86_64-debian-gcc 0.5-3 52.10 89.18 141.28 OK
r-devel-linux-x86_64-fedora-clang 0.5-3 171.80 NOTE
r-devel-linux-x86_64-fedora-gcc 0.5-3 168.83 OK
r-devel-windows-ix86+x86_64 0.5-3 145.00 202.00 347.00 OK
r-patched-linux-x86_64 0.5-3 64.30 69.89 134.19 OK
r-patched-solaris-x86 0.5-3 267.10 OK
r-release-linux-x86_64 0.5-3 63.01 102.46 165.47 OK
r-release-windows-ix86+x86_64 0.5-3 119.00 189.00 308.00 OK
r-release-osx-x86_64 0.5-3 NOTE
r-oldrel-windows-ix86+x86_64 0.5-3 111.00 200.00 311.00 OK
r-oldrel-osx-x86_64 0.5-3 NOTE

Check Details

Version: 0.5-3
Check: installed package size
Result: NOTE
     installed size is 6.5Mb
     sub-directories of 1Mb or more:
     data 1.6Mb
     libs 3.8Mb
Flavors: r-devel-linux-x86_64-fedora-clang, r-release-osx-x86_64, r-oldrel-osx-x86_64