CRAN Package Check Results for Package bayesImageS

Last updated on 2017-11-22 22:56:58 CET.

Flavor Version Tinstall Tcheck Ttotal Status Flags
r-devel-linux-x86_64-debian-clang 0.4-1 34.98 19.15 54.13 OK
r-devel-linux-x86_64-debian-gcc 0.4-1 44.68 63.49 108.17 OK
r-devel-linux-x86_64-fedora-clang 0.4-1 107.65 OK
r-devel-linux-x86_64-fedora-gcc 0.4-1 136.10 OK
r-devel-windows-ix86+x86_64 0.4-1 109.00 71.00 180.00 OK
r-patched-linux-x86_64 0.4-1 39.09 20.54 59.64 OK
r-patched-solaris-x86 0.4-1 121.80 NOTE
r-release-linux-x86_64 0.4-1 38.81 20.41 59.22 OK
r-release-windows-ix86+x86_64 0.4-1 111.00 67.00 178.00 OK
r-release-osx-x86_64 0.4-1 NOTE
r-oldrel-windows-ix86+x86_64 0.4-1 107.00 63.00 170.00 OK
r-oldrel-osx-x86_64 0.4-1 NOTE

Check Details

Version: 0.4-1
Check: Rd cross-references
Result: NOTE
    Package unavailable to check Rd xrefs: ‘PottsUtils’
Flavor: r-patched-solaris-x86

Version: 0.4-1
Check: Rd cross-references
Result: NOTE
    Packages unavailable to check Rd xrefs: ‘PottsUtils’, ‘mritc’
Flavor: r-release-osx-x86_64

Version: 0.4-1
Check: Rd cross-references
Result: NOTE
    Package unavailable to check Rd xrefs: ‘mritc’
Flavor: r-oldrel-osx-x86_64