CRAN Package Check Results for Package bayesImageS

Last updated on 2018-02-24 22:47:19 CET.

Flavor Version Tinstall Tcheck Ttotal Status Flags
r-devel-linux-x86_64-debian-clang 0.5-1 53.36 29.64 83.00 OK
r-devel-linux-x86_64-debian-gcc 0.5-1 42.35 23.94 66.29 OK
r-devel-linux-x86_64-fedora-clang 0.5-1 115.65 OK
r-devel-linux-x86_64-fedora-gcc 0.5-1 110.94 OK
r-devel-windows-ix86+x86_64 0.5-1 148.00 92.00 240.00 OK
r-patched-linux-x86_64 0.5-1 51.40 29.95 81.35 OK
r-patched-solaris-x86 0.5-1 116.90 OK
r-release-linux-x86_64 0.5-1 46.86 29.92 76.78 OK
r-release-windows-ix86+x86_64 0.5-1 110.00 79.00 189.00 OK
r-release-osx-x86_64 0.5-1 OK
r-oldrel-windows-ix86+x86_64 0.5-1 109.00 62.00 171.00 OK
r-oldrel-osx-x86_64 0.4-1 NOTE

Check Details

Version: 0.4-1
Check: Rd cross-references
Result: NOTE
    Package unavailable to check Rd xrefs: ‘mritc’
Flavor: r-oldrel-osx-x86_64