CRAN Package Check Results for Package bayesImageS

Last updated on 2024-06-13 22:49:20 CEST.

Flavor Version Tinstall Tcheck Ttotal Status Flags
r-devel-linux-x86_64-debian-clang 0.6-1 87.23 116.07 203.30 OK
r-devel-linux-x86_64-debian-gcc 0.6-1 59.21 72.40 131.61 NOTE
r-devel-linux-x86_64-fedora-clang 0.6-1 273.77 OK
r-devel-linux-x86_64-fedora-gcc 0.6-1 292.28 OK
r-devel-windows-x86_64 0.6-1 67.00 147.00 214.00 OK
r-patched-linux-x86_64 0.6-1 76.83 112.60 189.43 OK
r-release-linux-x86_64 0.6-1 77.61 113.28 190.89 OK
r-release-macos-arm64 0.6-1 78.00 NOTE
r-release-macos-x86_64 0.6-1 130.00 NOTE
r-release-windows-x86_64 0.6-1 65.00 147.00 212.00 OK
r-oldrel-macos-arm64 0.6-1 90.00 NOTE
r-oldrel-macos-x86_64 0.6-1 150.00 NOTE
r-oldrel-windows-x86_64 0.6-1 83.00 182.00 265.00 OK

Check Details

Version: 0.6-1
Check: package dependencies
Result: NOTE Packages suggested but not available for checking: 'mcmcse', 'PottsUtils', 'rstan' Flavor: r-devel-linux-x86_64-debian-gcc

Version: 0.6-1
Check: installed package size
Result: NOTE installed size is 7.8Mb sub-directories of 1Mb or more: data 2.7Mb libs 4.3Mb Flavors: r-release-macos-arm64, r-release-macos-x86_64, r-oldrel-macos-arm64, r-oldrel-macos-x86_64