Last updated on 2023-09-26 23:04:07 CEST.
Flavor | Version | Tinstall | Tcheck | Ttotal | Status | Flags |
---|---|---|---|---|---|---|
r-devel-linux-x86_64-debian-clang | 0.6-1 | 75.53 | 109.04 | 184.57 | OK | |
r-devel-linux-x86_64-debian-gcc | 0.6-1 | 57.35 | 86.81 | 144.16 | OK | |
r-devel-linux-x86_64-fedora-clang | 0.6-1 | 264.75 | OK | |||
r-devel-linux-x86_64-fedora-gcc | 0.6-1 | 285.82 | OK | |||
r-devel-windows-x86_64 | 0.6-1 | 64.00 | 154.00 | 218.00 | OK | |
r-patched-linux-x86_64 | 0.6-1 | 77.63 | 109.22 | 186.85 | OK | |
r-release-linux-x86_64 | 0.6-1 | 76.18 | 110.11 | 186.29 | OK | |
r-release-macos-arm64 | 0.6-1 | 90.00 | NOTE | |||
r-release-macos-x86_64 | 0.6-1 | 150.00 | NOTE | |||
r-release-windows-x86_64 | 0.6-1 | 85.00 | 159.00 | 244.00 | OK | |
r-oldrel-macos-arm64 | 0.6-1 | 78.00 | NOTE | |||
r-oldrel-macos-x86_64 | 0.6-1 | 90.00 | NOTE | |||
r-oldrel-windows-x86_64 | 0.6-1 | 79.00 | 162.00 | 241.00 | OK |
Version: 0.6-1
Check: installed package size
Result: NOTE
installed size is 8.0Mb
sub-directories of 1Mb or more:
data 2.7Mb
libs 4.5Mb
Flavors: r-release-macos-arm64, r-release-macos-x86_64, r-oldrel-macos-arm64, r-oldrel-macos-x86_64
Version: 0.6-1
Check: package dependencies
Result: NOTE
Package suggested but not available for checking: ‘PottsUtils’
Flavor: r-oldrel-macos-x86_64