CRAN Package Check Results for Package bayesQR

Last updated on 2017-11-20 22:53:01 CET.

Flavor Version Tinstall Tcheck Ttotal Status Flags
r-devel-linux-x86_64-debian-clang 2.3 1.77 17.63 19.40 NOTE
r-devel-linux-x86_64-debian-gcc 2.3 3.66 48.85 52.51 NOTE
r-devel-linux-x86_64-fedora-clang 2.3 32.94 NOTE
r-devel-linux-x86_64-fedora-gcc 2.3 34.19 NOTE
r-devel-windows-ix86+x86_64 2.3 18.00 88.00 106.00 OK
r-patched-linux-x86_64 2.3 1.91 18.87 20.78 NOTE
r-patched-solaris-x86 2.3 56.40 OK
r-release-linux-x86_64 2.3 1.78 18.79 20.57 NOTE
r-release-windows-ix86+x86_64 2.3 11.00 83.00 94.00 OK
r-release-osx-x86_64 2.3 OK
r-oldrel-windows-ix86+x86_64 2.3 22.00 120.00 142.00 OK
r-oldrel-osx-x86_64 2.3 OK

Additional issues

noLD

Check Details

Version: 2.3
Check: compiled code
Result: NOTE
    File ‘bayesQR/libs/bayesQR.so’:
     Found no calls to: ‘R_registerRoutines’, ‘R_useDynamicSymbols’
    
    It is good practice to register native routines and to disable symbol
    search.
    
    See ‘Writing portable packages’ in the ‘Writing R Extensions’ manual.
Flavors: r-devel-linux-x86_64-debian-clang, r-devel-linux-x86_64-debian-gcc, r-devel-linux-x86_64-fedora-clang, r-devel-linux-x86_64-fedora-gcc, r-patched-linux-x86_64, r-release-linux-x86_64