CRAN Package Check Results for Package bayesQR

Last updated on 2018-10-16 22:56:04 CEST.

Flavor Version Tinstall Tcheck Ttotal Status Flags
r-devel-linux-x86_64-debian-clang 2.3 3.18 27.02 30.20 OK
r-devel-linux-x86_64-debian-gcc 2.3 3.19 22.15 25.34 OK
r-devel-linux-x86_64-fedora-clang 2.3 31.87 NOTE
r-devel-linux-x86_64-fedora-gcc 2.3 34.81 NOTE
r-devel-windows-ix86+x86_64 2.3 18.00 109.00 127.00 OK
r-patched-linux-x86_64 2.3 3.38 25.04 28.42 OK
r-patched-solaris-x86 2.3 61.80 OK
r-release-linux-x86_64 2.3 3.43 24.50 27.93 OK
r-release-windows-ix86+x86_64 2.3 16.00 86.00 102.00 OK
r-release-osx-x86_64 2.3 OK
r-oldrel-windows-ix86+x86_64 2.3 11.00 83.00 94.00 OK
r-oldrel-osx-x86_64 2.3 OK

Check Details

Version: 2.3
Check: compiled code
Result: NOTE
    File ‘bayesQR/libs/bayesQR.so’:
     Found no calls to: ‘R_registerRoutines’, ‘R_useDynamicSymbols’
    
    It is good practice to register native routines and to disable symbol
    search.
    
    See ‘Writing portable packages’ in the ‘Writing R Extensions’ manual.
Flavors: r-devel-linux-x86_64-fedora-clang, r-devel-linux-x86_64-fedora-gcc