Last updated on 2023-11-27 23:11:30 CET.
Flavor | Version | Tinstall | Tcheck | Ttotal | Status | Flags |
---|---|---|---|---|---|---|
r-devel-linux-x86_64-debian-clang | 0.1.3 | 220.77 | 30.53 | 251.30 | NOTE | |
r-devel-linux-x86_64-debian-gcc | 0.1.3 | 143.48 | 24.85 | 168.33 | NOTE | |
r-devel-linux-x86_64-fedora-clang | 0.1.3 | 404.33 | NOTE | |||
r-devel-linux-x86_64-fedora-gcc | 0.1.3 | 380.90 | NOTE | |||
r-devel-windows-x86_64 | 0.1.3 | 159.00 | 71.00 | 230.00 | NOTE | |
r-patched-linux-x86_64 | 0.1.3 | 188.75 | 30.64 | 219.39 | NOTE | |
r-release-linux-x86_64 | 0.1.3 | 167.05 | 30.05 | 197.10 | NOTE | |
r-release-macos-arm64 | 0.1.3 | 79.00 | NOTE | |||
r-release-macos-x86_64 | 0.1.3 | 138.00 | NOTE | |||
r-release-windows-x86_64 | 0.1.3 | 205.00 | 74.00 | 279.00 | NOTE | |
r-oldrel-macos-arm64 | 0.1.3 | 70.00 | NOTE | |||
r-oldrel-macos-x86_64 | 0.1.3 | 98.00 | NOTE | |||
r-oldrel-windows-x86_64 | 0.1.3 | 205.00 | 72.00 | 277.00 | OK |
Version: 0.1.3
Check: C++ specification
Result: NOTE
Specified C++11: please drop specification unless essential
Flavors: r-devel-linux-x86_64-debian-clang, r-devel-linux-x86_64-debian-gcc, r-devel-linux-x86_64-fedora-clang, r-devel-linux-x86_64-fedora-gcc, r-devel-windows-x86_64, r-patched-linux-x86_64, r-release-linux-x86_64, r-release-macos-arm64, r-release-macos-x86_64, r-release-windows-x86_64
Version: 0.1.3
Check: installed package size
Result: NOTE
installed size is 6.4Mb
sub-directories of 1Mb or more:
libs 6.3Mb
Flavors: r-release-macos-arm64, r-release-macos-x86_64, r-oldrel-macos-arm64, r-oldrel-macos-x86_64