Last updated on 2023-01-29 23:03:02 CET.
Flavor | Version | Tinstall | Tcheck | Ttotal | Status | Flags |
---|---|---|---|---|---|---|
r-devel-linux-x86_64-debian-clang | 1.2.0 | 628.94 | 313.15 | 942.09 | NOTE | |
r-devel-linux-x86_64-debian-gcc | 1.2.0 | 497.62 | 251.65 | 749.27 | NOTE | |
r-devel-linux-x86_64-fedora-clang | 1.2.0 | 1167.73 | NOTE | |||
r-devel-linux-x86_64-fedora-gcc | 1.2.0 | 1299.56 | NOTE | |||
r-devel-windows-x86_64 | 1.2.0 | 399.00 | 411.00 | 810.00 | NOTE | |
r-patched-linux-x86_64 | 1.2.0 | 425.83 | 312.72 | 738.55 | NOTE | |
r-release-linux-x86_64 | 1.2.0 | 455.43 | 280.65 | 736.08 | NOTE | |
r-release-macos-arm64 | 1.2.0 | 275.00 | NOTE | |||
r-release-macos-x86_64 | 1.2.0 | 277.00 | NOTE | |||
r-release-windows-x86_64 | 1.2.0 | 1098.00 | 358.00 | 1456.00 | NOTE | |
r-oldrel-macos-arm64 | 1.2.0 | 342.00 | NOTE | |||
r-oldrel-macos-x86_64 | 1.2.0 | 400.00 | NOTE | |||
r-oldrel-windows-ix86+x86_64 | 1.2.0 | 1189.00 | 482.00 | 1671.00 | NOTE |
Version: 1.2.0
Check: for GNU extensions in Makefiles
Result: NOTE
GNU make is a SystemRequirements.
Flavors: r-devel-linux-x86_64-debian-clang, r-devel-linux-x86_64-debian-gcc, r-devel-linux-x86_64-fedora-clang, r-devel-linux-x86_64-fedora-gcc, r-devel-windows-x86_64, r-patched-linux-x86_64, r-release-linux-x86_64, r-release-macos-arm64, r-release-windows-x86_64, r-oldrel-macos-arm64, r-oldrel-macos-x86_64, r-oldrel-windows-ix86+x86_64
Version: 1.2.0
Check: C++ specification
Result: NOTE
Specified C++14: please update to current default of C++17
Flavors: r-devel-linux-x86_64-debian-gcc, r-devel-linux-x86_64-fedora-gcc, r-devel-windows-x86_64
Version: 1.2.0
Check: installed package size
Result: NOTE
installed size is 8.1Mb
sub-directories of 1Mb or more:
doc 1.0Mb
libs 6.5Mb
Flavors: r-devel-linux-x86_64-fedora-clang, r-devel-windows-x86_64, r-release-macos-arm64, r-release-macos-x86_64, r-release-windows-x86_64, r-oldrel-macos-arm64, r-oldrel-macos-x86_64, r-oldrel-windows-ix86+x86_64
Version: 1.2.0
Check: dependencies in R code
Result: NOTE
Namespaces in Imports field not imported from:
‘RcppParallel’ ‘rstantools’
All declared Imports should be used.
Flavors: r-devel-linux-x86_64-fedora-clang, r-devel-linux-x86_64-fedora-gcc, r-release-macos-arm64, r-oldrel-macos-arm64, r-oldrel-macos-x86_64