Last updated on 2023-12-09 21:54:10 CET.
Flavor | Version | Tinstall | Tcheck | Ttotal | Status | Flags |
---|---|---|---|---|---|---|
r-devel-linux-x86_64-debian-clang | 1.0.1 | 232.74 | 59.98 | 292.72 | NOTE | |
r-devel-linux-x86_64-debian-gcc | 1.0.1 | 166.36 | 42.21 | 208.57 | NOTE | |
r-devel-linux-x86_64-fedora-clang | 1.0.1 | 431.79 | NOTE | |||
r-devel-linux-x86_64-fedora-gcc | 1.0.1 | 444.96 | NOTE | |||
r-devel-windows-x86_64 | 1.0.1 | 187.00 | 97.00 | 284.00 | NOTE | |
r-patched-linux-x86_64 | 1.0.1 | 201.49 | 55.25 | 256.74 | NOTE | |
r-release-linux-x86_64 | 1.0.1 | 203.93 | 55.53 | 259.46 | NOTE | |
r-release-macos-arm64 | 1.0.1 | 107.00 | NOTE | |||
r-release-macos-x86_64 | 1.0.1 | 216.00 | NOTE | |||
r-release-windows-x86_64 | 1.0.1 | 234.00 | 121.00 | 355.00 | NOTE | |
r-oldrel-macos-arm64 | 1.0.1 | 91.00 | NOTE | |||
r-oldrel-macos-x86_64 | 1.0.1 | 140.00 | NOTE | |||
r-oldrel-windows-x86_64 | 1.0.1 | 218.00 | 118.00 | 336.00 | NOTE |
Version: 1.0.1
Check: C++ specification
Result: NOTE
Specified C++11: please drop specification unless essential
Flavors: r-devel-linux-x86_64-debian-clang, r-devel-linux-x86_64-debian-gcc, r-devel-linux-x86_64-fedora-clang, r-devel-linux-x86_64-fedora-gcc, r-devel-windows-x86_64, r-patched-linux-x86_64, r-release-linux-x86_64, r-release-macos-arm64, r-release-macos-x86_64, r-release-windows-x86_64
Version: 1.0.1
Check: Rd files
Result: NOTE
checkRd: (-1) predict.bayeslm.fit.Rd:18: Lost braces; missing escapes or markup?
18 | \item{X }{ If call \code{bayeslm} with matrices input \code{x} and {y} but not formula, pass new matrix to predict here. See example for details.}
| ^
Flavors: r-devel-linux-x86_64-debian-clang, r-devel-linux-x86_64-debian-gcc
Version: 1.0.1
Check: for GNU extensions in Makefiles
Result: NOTE
GNU make is a SystemRequirements.
Flavors: r-devel-linux-x86_64-debian-clang, r-devel-linux-x86_64-debian-gcc, r-devel-linux-x86_64-fedora-clang, r-devel-linux-x86_64-fedora-gcc, r-devel-windows-x86_64, r-patched-linux-x86_64, r-release-linux-x86_64, r-release-macos-arm64, r-release-macos-x86_64, r-release-windows-x86_64, r-oldrel-macos-arm64, r-oldrel-macos-x86_64, r-oldrel-windows-x86_64
Version: 1.0.1
Check: installed package size
Result: NOTE
installed size is 8.7Mb
sub-directories of 1Mb or more:
libs 8.5Mb
Flavors: r-release-macos-arm64, r-release-macos-x86_64, r-oldrel-macos-arm64, r-oldrel-macos-x86_64