Last updated on 2024-03-28 23:01:39 CET.
Flavor | Version | Tinstall | Tcheck | Ttotal | Status | Flags |
---|---|---|---|---|---|---|
r-devel-linux-x86_64-debian-clang | 3.1-6 | 683.78 | 535.91 | 1219.69 | OK | |
r-devel-linux-x86_64-debian-gcc | 3.1-6 | 535.29 | 328.31 | 863.60 | OK | |
r-devel-linux-x86_64-fedora-clang | 3.1-6 | 1730.94 | NOTE | |||
r-devel-linux-x86_64-fedora-gcc | 3.1-6 | 1665.35 | OK | |||
r-devel-windows-x86_64 | 3.1-6 | 506.00 | 422.00 | 928.00 | NOTE | |
r-patched-linux-x86_64 | 3.1-6 | 654.33 | 437.54 | 1091.87 | OK | |
r-release-linux-x86_64 | 3.1-6 | 668.37 | 448.05 | 1116.42 | OK | |
r-release-macos-arm64 | 3.1-6 | 338.00 | NOTE | |||
r-release-macos-x86_64 | 3.1-6 | 594.00 | NOTE | |||
r-release-windows-x86_64 | 3.1-6 | 622.00 | 512.00 | 1134.00 | NOTE | |
r-oldrel-macos-arm64 | 3.1-6 | 304.00 | NOTE | |||
r-oldrel-windows-x86_64 | 3.1-6 | 604.00 | 496.00 | 1100.00 | NOTE |
Version: 3.1-6
Check: installed package size
Result: NOTE
installed size is 5.9Mb
sub-directories of 1Mb or more:
doc 2.9Mb
libs 1.4Mb
Flavors: r-devel-linux-x86_64-fedora-clang, r-devel-windows-x86_64, r-release-macos-arm64, r-release-macos-x86_64, r-release-windows-x86_64, r-oldrel-macos-arm64, r-oldrel-windows-x86_64