CRAN Package Check Results for Package bayesm

Last updated on 2018-10-16 22:56:04 CEST.

Flavor Version Tinstall Tcheck Ttotal Status Flags
r-devel-linux-x86_64-debian-clang 3.1-0.1 494.92 417.31 912.23 OK
r-devel-linux-x86_64-debian-gcc 3.1-0.1 442.35 298.04 740.39 OK
r-devel-linux-x86_64-fedora-clang 3.1-0.1 1320.50 NOTE
r-devel-linux-x86_64-fedora-gcc 3.1-0.1 1200.49 OK
r-devel-windows-ix86+x86_64 3.1-0.1 1239.00 549.00 1788.00 NOTE
r-patched-linux-x86_64 3.1-0.1 538.43 395.88 934.31 OK
r-patched-solaris-x86 3.1-0.1 1298.70 NOTE
r-release-linux-x86_64 3.1-0.1 544.22 386.55 930.77 OK
r-release-windows-ix86+x86_64 3.1-0.1 955.00 531.00 1486.00 NOTE
r-release-osx-x86_64 3.1-0.1 FAIL
r-oldrel-windows-ix86+x86_64 3.1-0.1 1186.00 554.00 1740.00 NOTE
r-oldrel-osx-x86_64 3.1-0.1 NOTE

Additional issues

valgrind

Check Details

Version: 3.1-0.1
Check: installed package size
Result: NOTE
     installed size is 30.9Mb
     sub-directories of 1Mb or more:
     doc 3.2Mb
     libs 26.1Mb
Flavors: r-devel-linux-x86_64-fedora-clang, r-devel-windows-ix86+x86_64, r-patched-solaris-x86, r-release-windows-ix86+x86_64, r-release-osx-x86_64, r-oldrel-windows-ix86+x86_64, r-oldrel-osx-x86_64

Version: 3.1-0.1
Check: re-building of vignette outputs
Result: FAIL
    
Flavor: r-release-osx-x86_64