CRAN Package Check Results for Package bayesm

Last updated on 2018-01-17 22:47:02 CET.

Flavor Version Tinstall Tcheck Ttotal Status Flags
r-devel-linux-x86_64-debian-clang 3.1-0.1 399.84 425.04 824.88 OK
r-devel-linux-x86_64-debian-gcc 3.1-0.1 352.51 303.92 656.43 OK
r-devel-linux-x86_64-fedora-clang 3.1-0.1 1170.66 NOTE
r-devel-linux-x86_64-fedora-gcc 3.1-0.1 1140.39 NOTE
r-devel-windows-ix86+x86_64 3.1-0.1 1085.00 436.00 1521.00 NOTE
r-patched-linux-x86_64 3.1-0.1 431.39 414.42 845.81 OK
r-patched-solaris-x86 3.1-0.1 1377.50 NOTE
r-release-linux-x86_64 3.1-0.1 434.01 416.31 850.32 OK
r-release-windows-ix86+x86_64 3.1-0.1 852.00 451.00 1303.00 NOTE
r-release-osx-x86_64 3.1-0.1 NOTE
r-oldrel-windows-ix86+x86_64 3.1-0.1 1115.00 469.00 1584.00 NOTE
r-oldrel-osx-x86_64 3.1-0.1 NOTE

Additional issues

valgrind

Check Details

Version: 3.1-0.1
Check: installed package size
Result: NOTE
     installed size is 28.2Mb
     sub-directories of 1Mb or more:
     doc 3.2Mb
     libs 23.5Mb
Flavors: r-devel-linux-x86_64-fedora-clang, r-devel-linux-x86_64-fedora-gcc, r-devel-windows-ix86+x86_64, r-patched-solaris-x86, r-release-windows-ix86+x86_64, r-release-osx-x86_64, r-oldrel-windows-ix86+x86_64, r-oldrel-osx-x86_64