CRAN Package Check Results for Package bayesm

Last updated on 2018-07-17 22:50:25 CEST.

Flavor Version Tinstall Tcheck Ttotal Status Flags
r-devel-linux-x86_64-debian-clang 3.1-0.1 450.86 417.94 868.80 OK
r-devel-linux-x86_64-debian-gcc 3.1-0.1 399.12 298.24 697.36 OK
r-devel-linux-x86_64-fedora-clang 3.1-0.1 1251.95 NOTE
r-devel-linux-x86_64-fedora-gcc 3.1-0.1 1208.42 OK
r-devel-windows-ix86+x86_64 3.1-0.1 1155.00 543.00 1698.00 NOTE
r-patched-linux-x86_64 3.1-0.1 518.72 407.69 926.41 OK
r-patched-solaris-x86 3.1-0.1 1318.80 NOTE
r-release-linux-x86_64 3.1-0.1 496.67 403.40 900.07 OK
r-release-windows-ix86+x86_64 3.1-0.1 1152.00 534.00 1686.00 NOTE
r-release-osx-x86_64 3.1-0.1 FAIL
r-oldrel-windows-ix86+x86_64 3.1-0.1 851.00 558.00 1409.00 NOTE
r-oldrel-osx-x86_64 3.1-0.1 NOTE

Check Details

Version: 3.1-0.1
Check: installed package size
Result: NOTE
     installed size is 29.5Mb
     sub-directories of 1Mb or more:
     doc 3.2Mb
     libs 24.7Mb
Flavors: r-devel-linux-x86_64-fedora-clang, r-devel-windows-ix86+x86_64, r-patched-solaris-x86, r-release-windows-ix86+x86_64, r-release-osx-x86_64, r-oldrel-windows-ix86+x86_64, r-oldrel-osx-x86_64

Version: 3.1-0.1
Check: re-building of vignette outputs
Result: FAIL
    
Flavor: r-release-osx-x86_64