Last updated on 2023-11-27 23:11:30 CET.
Flavor | Version | Tinstall | Tcheck | Ttotal | Status | Flags |
---|---|---|---|---|---|---|
r-devel-linux-x86_64-debian-clang | 2.1.1.0 | 51.05 | 324.51 | 375.56 | OK | |
r-devel-linux-x86_64-debian-gcc | 2.1.1.0 | 39.56 | 249.00 | 288.56 | OK | |
r-devel-linux-x86_64-fedora-clang | 2.1.1.0 | 462.13 | NOTE | |||
r-devel-linux-x86_64-fedora-gcc | 2.1.1.0 | 471.12 | OK | |||
r-devel-windows-x86_64 | 2.1.1.0 | 34.00 | 232.00 | 266.00 | NOTE | |
r-patched-linux-x86_64 | 2.1.1.0 | 47.43 | 312.17 | 359.60 | OK | |
r-release-linux-x86_64 | 2.1.1.0 | 35.62 | 306.69 | 342.31 | OK | |
r-release-macos-arm64 | 2.1.1.0 | 147.00 | NOTE | |||
r-release-macos-x86_64 | 2.1.1.0 | 250.00 | NOTE | |||
r-release-windows-x86_64 | 2.1.1.0 | 45.00 | 300.00 | 345.00 | NOTE | |
r-oldrel-macos-arm64 | 2.1.1.0 | 184.00 | NOTE | |||
r-oldrel-macos-x86_64 | 2.1.1.0 | 210.00 | NOTE | |||
r-oldrel-windows-x86_64 | 2.1.1.0 | 49.00 | 304.00 | 353.00 | NOTE |
Version: 2.1.1.0
Check: installed package size
Result: NOTE
installed size is 5.3Mb
sub-directories of 1Mb or more:
data 3.8Mb
doc 1.0Mb
Flavors: r-devel-linux-x86_64-fedora-clang, r-devel-windows-x86_64, r-release-macos-arm64, r-release-macos-x86_64, r-release-windows-x86_64, r-oldrel-macos-arm64, r-oldrel-macos-x86_64, r-oldrel-windows-x86_64