Last updated on 2024-04-23 22:55:16 CEST.
Flavor | Version | Tinstall | Tcheck | Ttotal | Status | Flags |
---|---|---|---|---|---|---|
r-devel-linux-x86_64-debian-clang | 0.1.0 | 15.51 | 106.73 | 122.24 | OK | |
r-devel-linux-x86_64-debian-gcc | 0.1.0 | 10.04 | 79.78 | 89.82 | OK | |
r-devel-linux-x86_64-fedora-clang | 0.1.0 | 150.39 | NOTE | |||
r-devel-linux-x86_64-fedora-gcc | 0.1.0 | 148.59 | NOTE | |||
r-prerel-macos-arm64 | 0.1.0 | 45.00 | OK | |||
r-prerel-windows-x86_64 | 0.1.0 | 12.00 | 88.00 | 100.00 | OK | |
r-patched-linux-x86_64 | 0.1.0 | 8.54 | 104.49 | 113.03 | OK | |
r-release-linux-x86_64 | 0.1.0 | 10.18 | 107.10 | 117.28 | OK | |
r-release-macos-arm64 | 0.1.0 | 48.00 | OK | |||
r-release-macos-x86_64 | 0.1.0 | 77.00 | OK | |||
r-release-windows-x86_64 | 0.1.0 | 15.00 | 113.00 | 128.00 | OK | |
r-oldrel-macos-arm64 | 0.1.0 | 53.00 | NOTE | |||
r-oldrel-windows-x86_64 | 0.1.0 | 16.00 | 120.00 | 136.00 | OK |
Version: 0.1.0
Check: dependencies in R code
Result: NOTE
Namespaces in Imports field not imported from:
‘ggfortify’ ‘ggplot2’ ‘matrixStats’ ‘reshape2’ ‘scales’
All declared Imports should be used.
Flavors: r-devel-linux-x86_64-fedora-clang, r-devel-linux-x86_64-fedora-gcc, r-oldrel-macos-arm64