Last updated on 2023-12-09 21:54:10 CET.
Flavor | Version | Tinstall | Tcheck | Ttotal | Status | Flags |
---|---|---|---|---|---|---|
r-devel-linux-x86_64-debian-clang | 1.0.11 | 4.33 | 33.77 | 38.10 | NOTE | --no-examples --no-tests --no-vignettes |
r-devel-linux-x86_64-debian-gcc | 1.0.11 | 2.85 | 26.12 | 28.97 | NOTE | --no-examples --no-tests --no-vignettes |
r-devel-linux-x86_64-fedora-clang | 1.0.11 | 56.33 | NOTE | |||
r-devel-linux-x86_64-fedora-gcc | 1.0.11 | 49.57 | NOTE | |||
r-devel-windows-x86_64 | 1.0.11 | 5.00 | 61.00 | 66.00 | NOTE | |
r-patched-linux-x86_64 | 1.0.11 | 4.41 | 32.93 | 37.34 | NOTE | --no-examples --no-tests --no-vignettes |
r-release-linux-x86_64 | 1.0.11 | 3.33 | 33.31 | 36.64 | NOTE | --no-examples --no-tests --no-vignettes |
r-release-macos-arm64 | 1.0.11 | 21.00 | NOTE | |||
r-release-macos-x86_64 | 1.0.11 | 30.00 | NOTE | |||
r-release-windows-x86_64 | 1.0.11 | 6.00 | 62.00 | 68.00 | NOTE | |
r-oldrel-macos-arm64 | 1.0.11 | 21.00 | NOTE | |||
r-oldrel-macos-x86_64 | 1.0.11 | 28.00 | NOTE | |||
r-oldrel-windows-x86_64 | 1.0.11 | 6.00 | 60.00 | 66.00 | NOTE |
Version: 1.0.11
Flags: --no-examples --no-tests --no-vignettes
Check: LazyData
Result: NOTE
'LazyData' is specified without a 'data' directory
Flavors: r-devel-linux-x86_64-debian-clang, r-devel-linux-x86_64-debian-gcc, r-patched-linux-x86_64, r-release-linux-x86_64
Version: 1.0.11
Check: Rd cross-references
Result: NOTE
Undeclared package ‘formula.tools’ in Rd xrefs
Flavor: r-devel-linux-x86_64-fedora-clang
Version: 1.0.11
Check: LazyData
Result: NOTE
'LazyData' is specified without a 'data' directory
Flavors: r-devel-linux-x86_64-fedora-clang, r-devel-linux-x86_64-fedora-gcc, r-devel-windows-x86_64, r-release-macos-arm64, r-release-macos-x86_64, r-release-windows-x86_64, r-oldrel-macos-arm64, r-oldrel-macos-x86_64, r-oldrel-windows-x86_64