Last updated on 2023-03-23 22:52:26 CET.
Flavor | Version | Tinstall | Tcheck | Ttotal | Status | Flags |
---|---|---|---|---|---|---|
r-devel-linux-x86_64-debian-clang | 1.0.2 | 51.13 | 235.82 | 286.95 | OK | |
r-devel-linux-x86_64-debian-gcc | 1.0.2 | 40.18 | 175.93 | 216.11 | OK | |
r-devel-linux-x86_64-fedora-clang | 1.0.2 | 371.02 | OK | |||
r-devel-linux-x86_64-fedora-gcc | 1.0.2 | 355.51 | OK | |||
r-devel-windows-x86_64 | 1.0.2 | 50.00 | 273.00 | 323.00 | OK | |
r-patched-linux-x86_64 | 1.0.2 | 45.37 | 236.74 | 282.11 | OK | |
r-release-linux-x86_64 | 1.0.2 | 35.56 | 233.95 | 269.51 | OK | |
r-release-macos-arm64 | 1.0.2 | 80.00 | OK | |||
r-release-macos-x86_64 | 1.0.2 | 138.00 | OK | |||
r-release-windows-x86_64 | 1.0.2 | 53.00 | 271.00 | 324.00 | OK | |
r-oldrel-macos-arm64 | 1.0.2 | 81.00 | OK | |||
r-oldrel-macos-x86_64 | 1.0.2 | 139.00 | OK | |||
r-oldrel-windows-ix86+x86_64 | 1.0.2 | 106.00 | 346.00 | 452.00 | NOTE |
Version: 1.0.2
Check: installed package size
Result: NOTE
installed size is 5.5Mb
sub-directories of 1Mb or more:
data 3.0Mb
libs 2.0Mb
Flavor: r-oldrel-windows-ix86+x86_64