CRAN Package Check Results for Package bbsBayes

Last updated on 2021-04-10 22:52:17 CEST.

Flavor Version Tinstall Tcheck Ttotal Status Flags
r-devel-linux-x86_64-debian-clang 2.3.6.2020 12.71 129.20 141.91 OK
r-devel-linux-x86_64-debian-gcc 2.3.6.2020 9.21 95.97 105.18 OK
r-devel-linux-x86_64-fedora-clang 2.3.6.2020 173.64 NOTE
r-devel-linux-x86_64-fedora-gcc 2.3.6.2020 161.47 NOTE
r-devel-windows-ix86+x86_64 2.3.6.2020 17.00 106.00 123.00 OK
r-devel-windows-x86_64-gcc10-UCRT 2.3.6.2020 NOTE
r-patched-linux-x86_64 2.3.6.2020 11.52 119.12 130.64 OK
r-patched-solaris-x86 2.3.6.2020 293.60 NOTE
r-release-linux-x86_64 2.3.6.2020 11.12 119.31 130.43 OK
r-release-macos-x86_64 2.3.6.2020 NOTE
r-release-windows-ix86+x86_64 2.3.6.2020 27.00 157.00 184.00 OK
r-oldrel-macos-x86_64 2.3.6.2020 NOTE
r-oldrel-windows-ix86+x86_64 2.3.6.2020 22.00 112.00 134.00 OK

Check Details

Version: 2.3.6.2020
Check: dependencies in R code
Result: NOTE
    Namespaces in Imports field not imported from:
     ‘latticeExtra’ ‘rgdal’
     All declared Imports should be used.
Flavors: r-devel-linux-x86_64-fedora-clang, r-devel-linux-x86_64-fedora-gcc, r-devel-windows-x86_64-gcc10-UCRT, r-patched-solaris-x86, r-release-macos-x86_64, r-oldrel-macos-x86_64