Last updated on 2023-01-26 23:00:09 CET.
Flavor | Version | Tinstall | Tcheck | Ttotal | Status | Flags |
---|---|---|---|---|---|---|
r-devel-linux-x86_64-debian-clang | 1.0-5 | 47.22 | 100.83 | 148.05 | OK | |
r-devel-linux-x86_64-debian-gcc | 1.0-5 | 33.72 | 78.54 | 112.26 | OK | |
r-devel-linux-x86_64-fedora-clang | 1.0-5 | 194.62 | OK | |||
r-devel-linux-x86_64-fedora-gcc | 1.0-5 | 188.31 | OK | |||
r-devel-windows-x86_64 | 1.0-5 | 66.00 | 145.00 | 211.00 | OK | |
r-patched-linux-x86_64 | 1.0-5 | 39.52 | 101.31 | 140.83 | OK | |
r-release-linux-x86_64 | 1.0-5 | 39.65 | 100.21 | 139.86 | OK | |
r-release-macos-arm64 | 1.0-5 | 69.00 | NOTE | |||
r-release-macos-x86_64 | 1.0-5 | 82.00 | NOTE | |||
r-release-windows-x86_64 | 1.0-5 | 49.00 | 154.00 | 203.00 | OK | |
r-oldrel-macos-arm64 | 1.0-5 | 48.00 | NOTE | |||
r-oldrel-macos-x86_64 | 1.0-5 | 50.00 | NOTE | |||
r-oldrel-windows-ix86+x86_64 | 1.0-5 | 128.00 | 165.00 | 293.00 | OK |
Version: 1.0-5
Check: package dependencies
Result: NOTE
Package suggested but not available for checking: ‘webshot2’
Flavors: r-release-macos-arm64, r-release-macos-x86_64, r-oldrel-macos-arm64, r-oldrel-macos-x86_64