CRAN Package Check Results for Package bclust

Last updated on 2017-11-18 22:47:06.

Flavor Version Tinstall Tcheck Ttotal Status Flags
r-devel-linux-x86_64-debian-clang 1.5 3.26 20.03 23.29 NOTE
r-devel-linux-x86_64-debian-gcc 1.5 3.31 21.16 24.47 NOTE
r-devel-linux-x86_64-fedora-clang 1.5 40.48 NOTE
r-devel-linux-x86_64-fedora-gcc 1.5 39.32 NOTE
r-devel-windows-ix86+x86_64 1.5 17.00 50.00 67.00 OK
r-patched-linux-x86_64 1.5 2.90 20.23 23.13 NOTE
r-patched-solaris-x86 1.5 55.30 OK
r-release-linux-x86_64 1.5 2.77 20.46 23.23 NOTE
r-release-windows-ix86+x86_64 1.5 12.00 55.00 67.00 OK
r-release-osx-x86_64 1.5 OK
r-oldrel-windows-ix86+x86_64 1.5 12.00 51.00 63.00 OK
r-oldrel-osx-x86_64 1.5 OK

Check Details

Version: 1.5
Check: compiled code
Result: NOTE
    File ‘bclust/libs/bclust.so’:
     Found no calls to: ‘R_registerRoutines’, ‘R_useDynamicSymbols’
    
    It is good practice to register native routines and to disable symbol
    search.
    
    See ‘Writing portable packages’ in the ‘Writing R Extensions’ manual.
Flavors: r-devel-linux-x86_64-debian-clang, r-devel-linux-x86_64-debian-gcc, r-devel-linux-x86_64-fedora-clang, r-devel-linux-x86_64-fedora-gcc, r-patched-linux-x86_64, r-release-linux-x86_64