CRAN Package Check Results for Package bclust

Last updated on 2018-07-17 22:50:25 CEST.

Flavor Version Tinstall Tcheck Ttotal Status Flags
r-devel-linux-x86_64-debian-clang 1.5 5.42 31.24 36.66 NOTE
r-devel-linux-x86_64-debian-gcc 1.5 4.69 24.74 29.43 NOTE
r-devel-linux-x86_64-fedora-clang 1.5 44.14 NOTE
r-devel-linux-x86_64-fedora-gcc 1.5 42.40 NOTE
r-devel-windows-ix86+x86_64 1.5 16.00 57.00 73.00 OK
r-patched-linux-x86_64 1.5 6.16 30.27 36.43 NOTE
r-patched-solaris-x86 1.5 64.00 OK
r-release-linux-x86_64 1.5 4.89 30.25 35.14 NOTE
r-release-windows-ix86+x86_64 1.5 19.00 53.00 72.00 OK
r-release-osx-x86_64 1.5 OK
r-oldrel-windows-ix86+x86_64 1.5 12.00 55.00 67.00 OK
r-oldrel-osx-x86_64 1.5 OK

Check Details

Version: 1.5
Check: compiled code
Result: NOTE
    File ‘bclust/libs/bclust.so’:
     Found no calls to: ‘R_registerRoutines’, ‘R_useDynamicSymbols’
    
    It is good practice to register native routines and to disable symbol
    search.
    
    See ‘Writing portable packages’ in the ‘Writing R Extensions’ manual.
Flavors: r-devel-linux-x86_64-debian-clang, r-devel-linux-x86_64-debian-gcc, r-devel-linux-x86_64-fedora-clang, r-devel-linux-x86_64-fedora-gcc, r-patched-linux-x86_64, r-release-linux-x86_64