CRAN Package Check Results for Package bclust

Last updated on 2018-01-17 22:47:02 CET.

Flavor Version Tinstall Tcheck Ttotal Status Flags
r-devel-linux-x86_64-debian-clang 1.5 4.26 32.48 36.74 NOTE
r-devel-linux-x86_64-debian-gcc 1.5 3.23 24.99 28.22 NOTE
r-devel-linux-x86_64-fedora-clang 1.5 42.58 NOTE
r-devel-linux-x86_64-fedora-gcc 1.5 40.17 NOTE
r-devel-windows-ix86+x86_64 1.5 12.00 54.00 66.00 OK
r-patched-linux-x86_64 1.5 3.71 31.04 34.75 NOTE
r-patched-solaris-x86 1.5 60.20 OK
r-release-linux-x86_64 1.5 3.92 31.00 34.92 NOTE
r-release-windows-ix86+x86_64 1.5 12.00 55.00 67.00 OK
r-release-osx-x86_64 1.5 OK
r-oldrel-windows-ix86+x86_64 1.5 12.00 51.00 63.00 OK
r-oldrel-osx-x86_64 1.5 OK

Check Details

Version: 1.5
Check: compiled code
Result: NOTE
    File ‘bclust/libs/bclust.so’:
     Found no calls to: ‘R_registerRoutines’, ‘R_useDynamicSymbols’
    
    It is good practice to register native routines and to disable symbol
    search.
    
    See ‘Writing portable packages’ in the ‘Writing R Extensions’ manual.
Flavors: r-devel-linux-x86_64-debian-clang, r-devel-linux-x86_64-debian-gcc, r-devel-linux-x86_64-fedora-clang, r-devel-linux-x86_64-fedora-gcc, r-patched-linux-x86_64, r-release-linux-x86_64