CRAN Package Check Results for Package bcmaps

Last updated on 2021-04-15 22:51:02 CEST.

Flavor Version Tinstall Tcheck Ttotal Status Flags
r-devel-linux-x86_64-debian-clang 1.0.2 8.97 85.79 94.76 NOTE
r-devel-linux-x86_64-debian-gcc 1.0.2 6.88 64.92 71.80 NOTE
r-devel-linux-x86_64-fedora-clang 1.0.2 120.08 NOTE
r-devel-linux-x86_64-fedora-gcc 1.0.2 109.75 NOTE
r-devel-windows-ix86+x86_64 1.0.2 21.00 109.00 130.00 NOTE
r-devel-windows-x86_64-gcc10-UCRT 1.0.2 NOTE
r-patched-linux-x86_64 1.0.2 7.42 80.16 87.58 OK
r-patched-solaris-x86 1.0.2 170.00 OK
r-release-linux-x86_64 1.0.2 8.63 80.03 88.66 OK
r-release-macos-x86_64 1.0.2 OK
r-release-windows-ix86+x86_64 1.0.2 21.00 129.00 150.00 OK
r-oldrel-macos-x86_64 1.0.2 OK
r-oldrel-windows-ix86+x86_64 1.0.2 12.00 78.00 90.00 OK

Check Details

Version: 1.0.2
Check: LazyData
Result: NOTE
     'LazyData' is specified without a 'data' directory
Flavors: r-devel-linux-x86_64-debian-clang, r-devel-linux-x86_64-debian-gcc, r-devel-linux-x86_64-fedora-clang, r-devel-linux-x86_64-fedora-gcc, r-devel-windows-ix86+x86_64, r-devel-windows-x86_64-gcc10-UCRT