CRAN Package Check Results for Package bcp

Last updated on 2018-01-17 22:47:02 CET.

Flavor Version Tinstall Tcheck Ttotal Status Flags
r-devel-linux-x86_64-debian-clang 4.0.0 54.60 52.79 107.39 NOTE
r-devel-linux-x86_64-debian-gcc 4.0.0 44.04 38.95 82.99 NOTE
r-devel-linux-x86_64-fedora-clang 4.0.0 143.68 NOTE
r-devel-linux-x86_64-fedora-gcc 4.0.0 137.15 NOTE
r-devel-windows-ix86+x86_64 4.0.0 160.00 103.00 263.00 OK
r-patched-linux-x86_64 4.0.0 56.55 49.52 106.07 NOTE
r-patched-solaris-x86 4.0.0 157.20 OK
r-release-linux-x86_64 4.0.0 53.14 50.07 103.21 NOTE
r-release-windows-ix86+x86_64 4.0.0 114.00 101.00 215.00 OK
r-release-osx-x86_64 4.0.0 OK
r-oldrel-windows-ix86+x86_64 4.0.0 152.00 97.00 249.00 OK
r-oldrel-osx-x86_64 4.0.0 OK

Additional issues

clang-ASAN

Check Details

Version: 4.0.0
Check: compiled code
Result: NOTE
    File ‘bcp/libs/bcp.so’:
     Found no calls to: ‘R_registerRoutines’, ‘R_useDynamicSymbols’
    
    It is good practice to register native routines and to disable symbol
    search.
    
    See ‘Writing portable packages’ in the ‘Writing R Extensions’ manual.
Flavors: r-devel-linux-x86_64-debian-clang, r-devel-linux-x86_64-debian-gcc, r-devel-linux-x86_64-fedora-clang, r-devel-linux-x86_64-fedora-gcc, r-patched-linux-x86_64, r-release-linux-x86_64

Version: 4.0.0
Check: package dependencies
Result: NOTE
    Package suggested but not available for checking: ‘DNAcopy’
Flavors: r-devel-linux-x86_64-fedora-clang, r-devel-linux-x86_64-fedora-gcc

Version: 4.0.0
Check: installed package size
Result: NOTE
     installed size is 5.3Mb
     sub-directories of 1Mb or more:
     libs 5.1Mb
Flavor: r-devel-linux-x86_64-fedora-gcc