CRAN Package Check Results for Package bcp

Last updated on 2018-10-16 22:56:04 CEST.

Flavor Version Tinstall Tcheck Ttotal Status Flags
r-devel-linux-x86_64-debian-clang 4.0.3 79.04 36.74 115.78 OK
r-devel-linux-x86_64-debian-gcc 4.0.3 72.36 28.53 100.89 OK
r-devel-linux-x86_64-fedora-clang 4.0.3 176.94 NOTE
r-devel-linux-x86_64-fedora-gcc 4.0.3 166.28 OK
r-devel-windows-ix86+x86_64 4.0.3 207.00 96.00 303.00 OK
r-patched-linux-x86_64 4.0.3 90.26 34.09 124.35 OK
r-patched-solaris-x86 4.0.3 151.90 OK
r-release-linux-x86_64 4.0.3 89.96 32.00 121.96 OK
r-release-windows-ix86+x86_64 4.0.3 166.00 94.00 260.00 OK
r-release-osx-x86_64 4.0.3 OK
r-oldrel-windows-ix86+x86_64 4.0.3 203.00 92.00 295.00 OK
r-oldrel-osx-x86_64 4.0.3 OK

Check Details

Version: 4.0.3
Check: installed package size
Result: NOTE
     installed size is 5.4Mb
     sub-directories of 1Mb or more:
     libs 5.1Mb
Flavor: r-devel-linux-x86_64-fedora-clang