CRAN Package Check Results for Package bcp

Last updated on 2018-07-17 22:50:25 CEST.

Flavor Version Tinstall Tcheck Ttotal Status Flags
r-devel-linux-x86_64-debian-clang 4.0.2 78.75 36.77 115.52 OK
r-devel-linux-x86_64-debian-gcc 4.0.2 70.57 27.76 98.33 OK
r-devel-linux-x86_64-fedora-clang 4.0.2 162.45 NOTE
r-devel-linux-x86_64-fedora-gcc 4.0.2 160.69 OK
r-devel-windows-ix86+x86_64 4.0.2 208.00 80.00 288.00 OK
r-patched-linux-x86_64 4.0.2 79.28 33.91 113.19 OK
r-patched-solaris-x86 4.0.2 154.30 OK
r-release-linux-x86_64 4.0.2 85.35 34.12 119.47 OK
r-release-windows-ix86+x86_64 4.0.2 196.00 100.00 296.00 OK
r-release-osx-x86_64 4.0.2 OK
r-oldrel-windows-ix86+x86_64 4.0.2 150.00 94.00 244.00 OK
r-oldrel-osx-x86_64 4.0.2 OK

Check Details

Version: 4.0.2
Check: installed package size
Result: NOTE
     installed size is 5.0Mb
     sub-directories of 1Mb or more:
     libs 4.7Mb
Flavor: r-devel-linux-x86_64-fedora-clang