Last updated on 2024-04-17 22:59:46 CEST.
Flavor | Version | Tinstall | Tcheck | Ttotal | Status | Flags |
---|---|---|---|---|---|---|
r-devel-linux-x86_64-debian-clang | 1.3.2 | 23.54 | 83.37 | 106.91 | NOTE | |
r-devel-linux-x86_64-debian-gcc | 1.3.2 | 15.62 | 59.74 | 75.36 | NOTE | |
r-devel-linux-x86_64-fedora-clang | 1.3.2 | 137.40 | NOTE | |||
r-devel-linux-x86_64-fedora-gcc | 1.3.2 | 147.60 | NOTE | |||
r-prerel-macos-arm64 | 1.3.2 | 42.00 | NOTE | |||
r-prerel-windows-x86_64 | 1.3.2 | 18.00 | 112.00 | 130.00 | NOTE | |
r-patched-linux-x86_64 | 1.3.2 | 19.55 | 80.68 | 100.23 | NOTE | |
r-release-linux-x86_64 | 1.3.2 | 20.88 | 81.73 | 102.61 | OK | |
r-release-macos-arm64 | 1.3.2 | 45.00 | OK | |||
r-release-macos-x86_64 | 1.3.2 | 76.00 | OK | |||
r-release-windows-x86_64 | 1.3.2 | 23.00 | 127.00 | 150.00 | OK | |
r-oldrel-macos-arm64 | 1.3.2 | 45.00 | OK | |||
r-oldrel-windows-x86_64 | 1.3.2 | 22.00 | 131.00 | 153.00 | OK |
Version: 1.3.2
Check: Rd files
Result: NOTE
checkRd: (-1) WindowSweep.Rd:32: Lost braces
32 | `code{\link{GetVT}}`. Otherwise, any column (e.g. \code{"Depth"}) in the
| ^
checkRd: (-1) WindowSweep.Rd:36: Lost braces
36 | \code{T.mid} from the output of the `code{\link{GetVT}}`.}
| ^
Flavors: r-devel-linux-x86_64-debian-clang, r-devel-linux-x86_64-debian-gcc, r-devel-linux-x86_64-fedora-clang, r-devel-linux-x86_64-fedora-gcc, r-prerel-macos-arm64, r-prerel-windows-x86_64, r-patched-linux-x86_64