CRAN Package Check Results for Package bcrm

Last updated on 2018-07-17 22:50:25 CEST.

Flavor Version Tinstall Tcheck Ttotal Status Flags
r-devel-linux-x86_64-debian-clang 0.4.7 3.81 47.69 51.50 OK
r-devel-linux-x86_64-debian-gcc 0.4.7 3.78 37.18 40.96 OK
r-devel-linux-x86_64-fedora-clang 0.4.7 59.95 OK
r-devel-linux-x86_64-fedora-gcc 0.4.7 57.53 OK
r-devel-windows-ix86+x86_64 0.4.7 13.00 60.00 73.00 OK
r-patched-linux-x86_64 0.4.7 5.16 44.42 49.58 OK
r-patched-solaris-x86 0.4.7 79.70 NOTE
r-release-linux-x86_64 0.4.7 4.40 43.78 48.18 OK
r-release-windows-ix86+x86_64 0.4.7 11.00 87.00 98.00 OK
r-release-osx-x86_64 0.4.7 NOTE
r-oldrel-windows-ix86+x86_64 0.4.7 6.00 83.00 89.00 OK
r-oldrel-osx-x86_64 0.4.7 NOTE

Check Details

Version: 0.4.7
Check: package dependencies
Result: NOTE
    Package suggested but not available for checking: ‘BRugs’
Flavors: r-patched-solaris-x86, r-release-osx-x86_64, r-oldrel-osx-x86_64