CRAN Package Check Results for Package bcrm

Last updated on 2018-10-16 22:56:04 CEST.

Flavor Version Tinstall Tcheck Ttotal Status Flags
r-devel-linux-x86_64-debian-clang 0.4.7 5.54 48.73 54.27 OK
r-devel-linux-x86_64-debian-gcc 0.4.7 3.47 38.03 41.50 OK
r-devel-linux-x86_64-fedora-clang 0.4.7 62.77 OK
r-devel-linux-x86_64-fedora-gcc 0.4.7 61.41 OK
r-devel-windows-ix86+x86_64 0.4.7 14.00 80.00 94.00 OK
r-patched-linux-x86_64 0.4.7 4.60 43.66 48.26 OK
r-patched-solaris-x86 0.4.7 78.80 NOTE
r-release-linux-x86_64 0.4.7 4.82 40.84 45.66 OK
r-release-windows-ix86+x86_64 0.4.7 12.00 74.00 86.00 OK
r-release-osx-x86_64 0.4.7 NOTE
r-oldrel-windows-ix86+x86_64 0.4.7 8.00 83.00 91.00 OK
r-oldrel-osx-x86_64 0.4.7 NOTE

Check Details

Version: 0.4.7
Check: package dependencies
Result: NOTE
    Package suggested but not available for checking: ‘BRugs’
Flavors: r-patched-solaris-x86, r-release-osx-x86_64, r-oldrel-osx-x86_64