Last updated on 2023-03-25 22:55:24 CET.
Flavor | Version | Tinstall | Tcheck | Ttotal | Status | Flags |
---|---|---|---|---|---|---|
r-devel-linux-x86_64-debian-clang | 0.1.15 | 5.89 | 50.99 | 56.88 | NOTE | |
r-devel-linux-x86_64-debian-gcc | 0.1.15 | 4.61 | 38.77 | 43.38 | NOTE | |
r-devel-linux-x86_64-fedora-gcc | 0.1.15 | 73.03 | NOTE | |||
r-devel-windows-x86_64 | 0.1.15 | 18.00 | 79.00 | 97.00 | NOTE | |
r-patched-linux-x86_64 | 0.1.15 | 5.28 | 51.23 | 56.51 | NOTE | |
r-release-linux-x86_64 | 0.1.15 | 5.88 | 51.11 | 56.99 | NOTE | |
r-release-macos-arm64 | 0.1.15 | 20.00 | NOTE | |||
r-release-macos-x86_64 | 0.1.15 | 43.00 | NOTE | |||
r-release-windows-x86_64 | 0.1.15 | 18.00 | 84.00 | 102.00 | NOTE | |
r-oldrel-macos-arm64 | 0.1.15 | 31.00 | NOTE | |||
r-oldrel-macos-x86_64 | 0.1.15 | 42.00 | NOTE | |||
r-oldrel-windows-ix86+x86_64 | 0.1.15 | 16.00 | 78.00 | 94.00 | NOTE |
Version: 0.1.15
Check: LazyData
Result: NOTE
'LazyData' is specified without a 'data' directory
Flavors: r-devel-linux-x86_64-debian-clang, r-devel-linux-x86_64-debian-gcc, r-devel-linux-x86_64-fedora-gcc, r-devel-windows-x86_64, r-patched-linux-x86_64, r-release-linux-x86_64, r-release-macos-arm64, r-release-macos-x86_64, r-release-windows-x86_64, r-oldrel-macos-arm64, r-oldrel-macos-x86_64, r-oldrel-windows-ix86+x86_64