Last updated on 2024-04-19 22:55:39 CEST.
Flavor | Version | Tinstall | Tcheck | Ttotal | Status | Flags |
---|---|---|---|---|---|---|
r-devel-linux-x86_64-debian-clang | 3.1.0 | 30.73 | 85.95 | 116.68 | OK | |
r-devel-linux-x86_64-debian-gcc | 3.1.0 | OK | ||||
r-devel-linux-x86_64-fedora-clang | 3.1.0 | 150.32 | NOTE | |||
r-devel-linux-x86_64-fedora-gcc | 3.1.0 | 154.08 | NOTE | |||
r-prerel-macos-arm64 | 3.1.0 | 51.00 | OK | |||
r-prerel-windows-x86_64 | 3.1.0 | 26.00 | 93.00 | 119.00 | OK | |
r-patched-linux-x86_64 | 3.1.0 | 38.92 | 83.01 | 121.93 | OK | |
r-release-linux-x86_64 | 3.1.0 | 31.24 | 81.68 | 112.92 | OK | |
r-release-macos-arm64 | 3.1.0 | 81.00 | OK | |||
r-release-macos-x86_64 | 3.1.0 | 171.00 | OK | |||
r-release-windows-x86_64 | 3.1.0 | 30.00 | 111.00 | 141.00 | OK | |
r-oldrel-macos-arm64 | 3.1.0 | 61.00 | OK | |||
r-oldrel-windows-x86_64 | 3.1.0 | 35.00 | 98.00 | 133.00 | OK |
Version: 3.1.0
Check: data for non-ASCII characters
Result: NOTE
Note: found 2666 marked UTF-8 strings
Flavors: r-devel-linux-x86_64-fedora-clang, r-devel-linux-x86_64-fedora-gcc