Last updated on 2024-03-27 22:57:39 CET.
Flavor | Version | Tinstall | Tcheck | Ttotal | Status | Flags |
---|---|---|---|---|---|---|
r-devel-linux-x86_64-debian-clang | 0.5.0 | 5.88 | 238.23 | 244.11 | OK | |
r-devel-linux-x86_64-debian-gcc | 0.5.0 | 3.21 | 176.98 | 180.19 | OK | |
r-devel-linux-x86_64-fedora-clang | 0.5.0 | 292.96 | OK | |||
r-devel-linux-x86_64-fedora-gcc | 0.5.0 | 301.89 | OK | |||
r-devel-windows-x86_64 | 0.5.0 | 7.00 | 204.00 | 211.00 | OK | |
r-patched-linux-x86_64 | 0.5.0 | 5.70 | 225.08 | 230.78 | OK | |
r-release-linux-x86_64 | 0.5.0 | 6.04 | 231.65 | 237.69 | OK | |
r-release-macos-arm64 | 0.5.0 | 96.00 | OK | |||
r-release-macos-x86_64 | 0.5.0 | 194.00 | OK | |||
r-release-windows-x86_64 | 0.5.0 | 9.00 | 252.00 | 261.00 | OK | |
r-oldrel-macos-arm64 | 0.4.1 | 152.00 | NOTE |
Version: 0.4.1
Check: package dependencies
Result: NOTE
Package suggested but not available for checking: ‘flowCore’
Flavor: r-oldrel-macos-arm64