CRAN Package Check Results for Package beam

Last updated on 2023-12-06 23:11:53 CET.

Flavor Version Tinstall Tcheck Ttotal Status Flags
r-devel-linux-x86_64-debian-clang 2.0.2 52.06 89.12 141.18 NOTE
r-devel-linux-x86_64-debian-gcc 2.0.2 45.00 69.19 114.19 NOTE
r-devel-linux-x86_64-fedora-clang 2.0.2 217.45 NOTE
r-devel-linux-x86_64-fedora-gcc 2.0.2 204.72 NOTE
r-devel-windows-x86_64 2.0.2 50.00 103.00 153.00 NOTE
r-patched-linux-x86_64 2.0.2 46.36 87.21 133.57 NOTE
r-release-linux-x86_64 2.0.2 48.84 89.17 138.01 NOTE
r-release-macos-arm64 2.0.2 62.00 NOTE
r-release-macos-x86_64 2.0.2 96.00 NOTE
r-release-windows-x86_64 2.0.2 62.00 122.00 184.00 NOTE
r-oldrel-macos-arm64 2.0.2 52.00 OK
r-oldrel-macos-x86_64 2.0.2 76.00 NOTE
r-oldrel-windows-x86_64 2.0.2 60.00 123.00 183.00 OK

Check Details

Version: 2.0.2
Check: C++ specification
Result: NOTE Specified C++11: please drop specification unless essential Flavors: r-devel-linux-x86_64-debian-clang, r-devel-linux-x86_64-debian-gcc, r-devel-linux-x86_64-fedora-clang, r-devel-linux-x86_64-fedora-gcc, r-devel-windows-x86_64, r-patched-linux-x86_64, r-release-linux-x86_64, r-release-macos-arm64, r-release-macos-x86_64, r-release-windows-x86_64

Version: 2.0.2
Check: installed package size
Result: NOTE installed size is 5.1Mb sub-directories of 1Mb or more: libs 4.5Mb Flavor: r-oldrel-macos-x86_64