CRAN Package Check Results for Package bestSDP

Last updated on 2021-03-03 22:51:11 CET.

Flavor Version Tinstall Tcheck Ttotal Status Flags
r-devel-linux-x86_64-debian-clang 0.1.2 3.09 30.78 33.87 OK
r-devel-linux-x86_64-debian-gcc 0.1.2 2.66 24.34 27.00 OK
r-devel-linux-x86_64-fedora-clang 0.1.2 52.62 NOTE
r-devel-linux-x86_64-fedora-gcc 0.1.2 41.24 NOTE
r-devel-windows-ix86+x86_64 0.1.2 10.00 48.00 58.00 OK
r-patched-linux-x86_64 0.1.2 3.53 29.98 33.51 OK
r-patched-solaris-x86 0.1.2 61.60 NOTE
r-release-linux-x86_64 0.1.2 3.06 29.94 33.00 OK
r-release-macos-x86_64 0.1.2 NOTE
r-release-windows-ix86+x86_64 0.1.2 7.00 36.00 43.00 OK
r-oldrel-macos-x86_64 0.1.2 NOTE
r-oldrel-windows-ix86+x86_64 0.1.2 7.00 48.00 55.00 OK

Check Details

Version: 0.1.2
Check: dependencies in R code
Result: NOTE
    Namespaces in Imports field not imported from:
     ‘DT’ ‘dplyr’ ‘ggplot2’ ‘readxl’ ‘rlist’ ‘shinyBS’ ‘shinyWidgets’
     ‘shinydashboard’ ‘shinyjs’ ‘shinythemes’ ‘stringr’ ‘tidyr’
     All declared Imports should be used.
Flavors: r-devel-linux-x86_64-fedora-clang, r-devel-linux-x86_64-fedora-gcc, r-patched-solaris-x86, r-release-macos-x86_64, r-oldrel-macos-x86_64