CRAN Package Check Results for Package betalink

Last updated on 2021-04-12 22:50:56 CEST.

Flavor Version Tinstall Tcheck Ttotal Status Flags
r-devel-linux-x86_64-debian-clang 2.2.1 2.36 23.88 26.24 NOTE
r-devel-linux-x86_64-debian-gcc 2.2.1 2.11 18.97 21.08 NOTE
r-devel-linux-x86_64-fedora-clang 2.2.1 43.32 NOTE
r-devel-linux-x86_64-fedora-gcc 2.2.1 32.61 NOTE
r-devel-windows-ix86+x86_64 2.2.1 5.00 39.00 44.00 NOTE
r-devel-windows-x86_64-gcc10-UCRT 2.2.1 NOTE
r-patched-linux-x86_64 2.2.1 2.64 23.48 26.12 NOTE
r-patched-solaris-x86 2.2.1 51.50 NOTE
r-release-linux-x86_64 2.2.1 2.64 23.23 25.87 NOTE
r-release-macos-x86_64 2.2.1 NOTE
r-release-windows-ix86+x86_64 2.2.1 4.00 39.00 43.00 NOTE
r-oldrel-macos-x86_64 2.2.1 NOTE
r-oldrel-windows-ix86+x86_64 2.2.1 4.00 30.00 34.00 NOTE

Check Details

Version: 2.2.1
Check: DESCRIPTION meta-information
Result: NOTE
    Checking should be performed on sources prepared by 'R CMD build'.
Flavors: r-devel-linux-x86_64-debian-clang, r-devel-linux-x86_64-debian-gcc, r-devel-linux-x86_64-fedora-clang, r-devel-linux-x86_64-fedora-gcc, r-devel-windows-ix86+x86_64, r-devel-windows-x86_64-gcc10-UCRT, r-patched-linux-x86_64, r-patched-solaris-x86, r-release-linux-x86_64, r-release-macos-x86_64, r-release-windows-ix86+x86_64, r-oldrel-macos-x86_64, r-oldrel-windows-ix86+x86_64