CRAN Package Check Results for Package biblionetwork

Last updated on 2023-10-01 23:03:40 CEST.

Flavor Version Tinstall Tcheck Ttotal Status Flags
r-devel-linux-x86_64-debian-clang 0.1.0 2.69 45.05 47.74 OK
r-devel-linux-x86_64-debian-gcc 0.1.0 2.40 36.78 39.18 OK
r-devel-linux-x86_64-fedora-clang 0.1.0 55.38 NOTE
r-devel-linux-x86_64-fedora-gcc 0.1.0 67.25 NOTE
r-devel-windows-x86_64 0.1.0 5.00 59.00 64.00 OK
r-patched-linux-x86_64 0.1.0 2.96 41.55 44.51 OK
r-release-linux-x86_64 0.1.0 2.64 44.67 47.31 OK
r-release-macos-arm64 0.1.0 28.00 OK
r-release-macos-x86_64 0.1.0 41.00 OK
r-release-windows-x86_64 0.1.0 9.00 60.00 69.00 OK
r-oldrel-macos-arm64 0.1.0 27.00 OK
r-oldrel-macos-x86_64 0.1.0 30.00 NOTE
r-oldrel-windows-x86_64 0.1.0 6.00 60.00 66.00 OK

Check Details

Version: 0.1.0
Check: data for non-ASCII characters
Result: NOTE
     Note: found 99 marked UTF-8 strings
Flavors: r-devel-linux-x86_64-fedora-clang, r-devel-linux-x86_64-fedora-gcc, r-oldrel-macos-x86_64