Last updated on 2024-04-24 23:00:15 CEST.
Flavor | Version | Tinstall | Tcheck | Ttotal | Status | Flags |
---|---|---|---|---|---|---|
r-devel-linux-x86_64-debian-clang | 0.1.8 | 16.76 | 44.68 | 61.44 | OK | |
r-devel-linux-x86_64-debian-gcc | 0.1.8 | 12.07 | 35.41 | 47.48 | OK | |
r-devel-linux-x86_64-fedora-clang | 0.1.8 | 84.44 | OK | |||
r-devel-linux-x86_64-fedora-gcc | 0.1.8 | 84.40 | OK | |||
r-patched-linux-x86_64 | 0.1.8 | 17.94 | 40.54 | 58.48 | OK | |
r-release-linux-x86_64 | 0.1.8 | 14.28 | 44.74 | 59.02 | OK | |
r-release-macos-arm64 | 0.1.8 | 10.00 | ERROR | |||
r-release-macos-x86_64 | 0.1.8 | 8.00 | ERROR | |||
r-oldrel-macos-arm64 | 0.1.8 | 14.00 | ERROR | |||
r-oldrel-macos-x86_64 | 0.1.8 | 8.00 | ERROR |
Version: 0.1.8
Check: package dependencies
Result: ERROR
Package required but not available: ‘Rmpi’
See section ‘The DESCRIPTION file’ in the ‘Writing R Extensions’
manual.
Flavors: r-release-macos-arm64, r-release-macos-x86_64, r-oldrel-macos-arm64, r-oldrel-macos-x86_64