CRAN Package Check Results for Package bigchess

Last updated on 2023-09-25 22:12:33 CEST.

Flavor Version Tinstall Tcheck Ttotal Status Flags
r-devel-linux-x86_64-debian-clang 1.9.1 4.98 50.06 55.04 NOTE
r-devel-linux-x86_64-debian-gcc 1.9.1 2.80 38.32 41.12 NOTE
r-devel-linux-x86_64-fedora-clang 1.9.1 68.91 NOTE
r-devel-linux-x86_64-fedora-gcc 1.9.1 65.21 NOTE
r-devel-windows-x86_64 1.9.1 5.00 67.00 72.00 NOTE
r-patched-linux-x86_64 1.9.1 5.30 47.67 52.97 NOTE
r-release-linux-x86_64 1.9.1 4.51 48.68 53.19 NOTE
r-release-macos-arm64 1.9.1 27.00 NOTE
r-release-macos-x86_64 1.9.1 39.00 NOTE
r-release-windows-x86_64 1.9.1 7.00 70.00 77.00 NOTE
r-oldrel-macos-arm64 1.9.1 27.00 OK
r-oldrel-macos-x86_64 1.9.1 34.00 NOTE
r-oldrel-windows-x86_64 1.9.1 7.00 69.00 76.00 NOTE

Additional issues

donttest

Check Details

Version: 1.9.1
Check: package dependencies
Result: NOTE
    Package suggested but not available for checking: ‘ffbase’
Flavors: r-devel-linux-x86_64-debian-clang, r-devel-linux-x86_64-debian-gcc, r-devel-linux-x86_64-fedora-clang, r-devel-linux-x86_64-fedora-gcc, r-devel-windows-x86_64, r-patched-linux-x86_64, r-release-linux-x86_64, r-release-macos-arm64, r-release-macos-x86_64, r-release-windows-x86_64, r-oldrel-macos-x86_64, r-oldrel-windows-x86_64