CRAN Package Check Results for Package biglasso

Last updated on 2023-06-09 22:58:21 CEST.

Flavor Version Tinstall Tcheck Ttotal Status Flags
r-devel-linux-x86_64-debian-clang 1.5.2 107.30 119.83 227.13 NOTE
r-devel-linux-x86_64-debian-gcc 1.5.2 90.14 92.06 182.20 NOTE
r-devel-linux-x86_64-fedora-clang 1.5.2 325.63 NOTE
r-devel-linux-x86_64-fedora-gcc 1.5.2 338.14 NOTE
r-devel-windows-x86_64 1.5.2 94.00 160.00 254.00 NOTE
r-patched-linux-x86_64 1.5.2 100.68 112.74 213.42 NOTE
r-release-linux-x86_64 1.5.2 95.43 115.35 210.78 NOTE
r-release-macos-arm64 1.5.2 101.00 NOTE
r-release-macos-x86_64 1.5.2 160.00 NOTE
r-release-windows-x86_64 1.5.2 123.00 185.00 308.00 NOTE
r-oldrel-macos-arm64 1.5.2 82.00 NOTE
r-oldrel-macos-x86_64 1.5.2 118.00 NOTE
r-oldrel-windows-x86_64 1.5.2 115.00 177.00 292.00 OK

Check Details

Version: 1.5.2
Check: C++ specification
Result: NOTE
     Specified C++11: please drop specification unless essential
Flavors: r-devel-linux-x86_64-debian-clang, r-devel-linux-x86_64-debian-gcc, r-devel-linux-x86_64-fedora-clang, r-devel-linux-x86_64-fedora-gcc, r-devel-windows-x86_64, r-patched-linux-x86_64, r-release-linux-x86_64, r-release-macos-arm64, r-release-macos-x86_64, r-release-windows-x86_64

Version: 1.5.2
Check: installed package size
Result: NOTE
     installed size is 5.3Mb
     sub-directories of 1Mb or more:
     libs 4.3Mb
Flavors: r-release-macos-arm64, r-release-macos-x86_64, r-oldrel-macos-arm64, r-oldrel-macos-x86_64