CRAN Package Check Results for Package bigmemory.sri

Last updated on 2019-08-20 22:47:11 CEST.

Flavor Version Tinstall Tcheck Ttotal Status Flags
r-devel-linux-x86_64-debian-clang 0.1.3 1.46 17.44 18.90 NOTE
r-devel-linux-x86_64-debian-gcc 0.1.3 1.23 14.54 15.77 NOTE
r-devel-linux-x86_64-fedora-clang 0.1.3 24.85 NOTE
r-devel-linux-x86_64-fedora-gcc 0.1.3 23.56 NOTE
r-devel-windows-ix86+x86_64 0.1.3 5.00 41.00 46.00 NOTE
r-patched-linux-x86_64 0.1.3 1.17 17.63 18.80 NOTE
r-patched-solaris-x86 0.1.3 38.70 NOTE
r-release-linux-x86_64 0.1.3 1.07 17.45 18.52 NOTE
r-release-windows-ix86+x86_64 0.1.3 4.00 37.00 41.00 NOTE
r-release-osx-x86_64 0.1.3 NOTE
r-oldrel-windows-ix86+x86_64 0.1.3 2.00 27.00 29.00 NOTE
r-oldrel-osx-x86_64 0.1.3 NOTE

Check Details

Version: 0.1.3
Check: DESCRIPTION meta-information
Result: NOTE
    Checking should be performed on sources prepared by 'R CMD build'.
Flavors: r-devel-linux-x86_64-debian-clang, r-devel-linux-x86_64-debian-gcc, r-devel-linux-x86_64-fedora-clang, r-devel-linux-x86_64-fedora-gcc, r-devel-windows-ix86+x86_64, r-patched-linux-x86_64, r-patched-solaris-x86, r-release-linux-x86_64, r-release-windows-ix86+x86_64, r-release-osx-x86_64, r-oldrel-windows-ix86+x86_64, r-oldrel-osx-x86_64