CRAN Package Check Results for Package bigmemory.sri

Last updated on 2019-12-10 22:49:27 CET.

Flavor Version Tinstall Tcheck Ttotal Status Flags
r-devel-linux-x86_64-debian-clang 0.1.3 1.63 18.27 19.90 NOTE
r-devel-linux-x86_64-debian-gcc 0.1.3 1.32 14.96 16.28 NOTE
r-devel-linux-x86_64-fedora-clang 0.1.3 25.33 NOTE
r-devel-linux-x86_64-fedora-gcc 0.1.3 24.61 NOTE
r-devel-windows-ix86+x86_64 0.1.3 7.00 43.00 50.00 NOTE
r-devel-windows-ix86+x86_64-gcc8 0.1.3 5.00 30.00 35.00 NOTE
r-patched-linux-x86_64 0.1.3 1.08 17.21 18.29 NOTE
r-patched-solaris-x86 0.1.3 36.60 NOTE
r-release-linux-x86_64 0.1.3 0.97 17.23 18.20 NOTE
r-release-windows-ix86+x86_64 0.1.3 4.00 37.00 41.00 NOTE
r-release-osx-x86_64 0.1.3 NOTE
r-oldrel-windows-ix86+x86_64 0.1.3 2.00 27.00 29.00 NOTE
r-oldrel-osx-x86_64 0.1.3 NOTE

Check Details

Version: 0.1.3
Check: DESCRIPTION meta-information
Result: NOTE
    Checking should be performed on sources prepared by 'R CMD build'.
Flavors: r-devel-linux-x86_64-debian-clang, r-devel-linux-x86_64-debian-gcc, r-devel-linux-x86_64-fedora-clang, r-devel-linux-x86_64-fedora-gcc, r-devel-windows-ix86+x86_64, r-devel-windows-ix86+x86_64-gcc8, r-patched-linux-x86_64, r-patched-solaris-x86, r-release-linux-x86_64, r-release-windows-ix86+x86_64, r-release-osx-x86_64, r-oldrel-windows-ix86+x86_64, r-oldrel-osx-x86_64