Last updated on 2021-04-16 22:50:51 CEST.
Flavor | Version | Tinstall | Tcheck | Ttotal | Status | Flags |
---|---|---|---|---|---|---|
r-devel-linux-x86_64-debian-clang | 1.3.2 | 34.57 | 71.27 | 105.84 | NOTE | |
r-devel-linux-x86_64-debian-gcc | 1.3.2 | 22.00 | 53.34 | 75.34 | NOTE | |
r-devel-linux-x86_64-fedora-clang | 1.3.2 | 135.29 | NOTE | |||
r-devel-linux-x86_64-fedora-gcc | 1.3.2 | 117.92 | NOTE | |||
r-devel-windows-ix86+x86_64 | 1.3.2 | 79.00 | 137.00 | 216.00 | NOTE | |
r-devel-windows-x86_64-gcc10-UCRT | 1.3.2 | NOTE | ||||
r-patched-linux-x86_64 | 1.3.2 | 25.38 | 66.43 | 91.81 | OK | |
r-patched-solaris-x86 | 1.3.2 | 146.00 | OK | |||
r-release-linux-x86_64 | 1.3.2 | 27.21 | 65.97 | 93.18 | OK | |
r-release-macos-x86_64 | 1.3.2 | OK | ||||
r-release-windows-ix86+x86_64 | 1.3.2 | 84.00 | 139.00 | 223.00 | OK | |
r-oldrel-macos-x86_64 | 1.3.2 | OK | ||||
r-oldrel-windows-ix86+x86_64 | 1.3.2 | 49.00 | 126.00 | 175.00 | OK |
Version: 1.3.2
Check: LazyData
Result: NOTE
'LazyData' is specified without a 'data' directory
Flavors: r-devel-linux-x86_64-debian-clang, r-devel-linux-x86_64-debian-gcc, r-devel-linux-x86_64-fedora-clang, r-devel-linux-x86_64-fedora-gcc, r-devel-windows-ix86+x86_64, r-devel-windows-x86_64-gcc10-UCRT