CRAN Package Check Results for Package bigsparser

Last updated on 2023-12-09 21:54:10 CET.

Flavor Version Tinstall Tcheck Ttotal Status Flags
r-devel-linux-x86_64-debian-clang 0.6.1 79.37 77.71 157.08 NOTE
r-devel-linux-x86_64-debian-gcc 0.6.1 52.20 60.85 113.05 NOTE
r-devel-linux-x86_64-fedora-clang 0.6.1 237.20 NOTE
r-devel-linux-x86_64-fedora-gcc 0.6.1 206.86 NOTE
r-devel-windows-x86_64 0.6.1 73.00 98.00 171.00 NOTE
r-patched-linux-x86_64 0.6.1 62.96 78.38 141.34 NOTE
r-release-linux-x86_64 0.6.1 63.30 76.95 140.25 NOTE
r-release-macos-arm64 0.6.1 64.00 NOTE
r-release-macos-x86_64 0.6.1 96.00 NOTE
r-release-windows-x86_64 0.6.1 92.00 111.00 203.00 NOTE
r-oldrel-macos-arm64 0.6.1 53.00 NOTE
r-oldrel-macos-x86_64 0.6.1 71.00 NOTE
r-oldrel-windows-x86_64 0.6.1 90.00 112.00 202.00 OK

Check Details

Version: 0.6.1
Check: C++ specification
Result: NOTE Specified C++11: please drop specification unless essential Flavors: r-devel-linux-x86_64-debian-clang, r-devel-linux-x86_64-debian-gcc, r-devel-linux-x86_64-fedora-clang, r-devel-linux-x86_64-fedora-gcc, r-devel-windows-x86_64, r-patched-linux-x86_64, r-release-linux-x86_64, r-release-macos-arm64, r-release-macos-x86_64, r-release-windows-x86_64

Version: 0.6.1
Check: dependencies in R code
Result: NOTE Namespace in Imports field not imported from: ‘rmio’ All declared Imports should be used. Flavors: r-devel-linux-x86_64-fedora-clang, r-devel-linux-x86_64-fedora-gcc, r-oldrel-macos-arm64, r-oldrel-macos-x86_64