CRAN Package Check Results for Package bigstatsr

Last updated on 2024-06-13 22:49:20 CEST.

Flavor Version Tinstall Tcheck Ttotal Status Flags
r-devel-linux-x86_64-debian-clang 1.5.12 242.24 242.91 485.15 NOTE
r-devel-linux-x86_64-debian-gcc 1.5.12 0.69 1.71 2.40 ERROR
r-devel-linux-x86_64-fedora-clang 1.5.12 659.96 NOTE
r-devel-linux-x86_64-fedora-gcc 1.5.12 662.17 NOTE
r-devel-windows-x86_64 1.5.12 228.00 239.00 467.00 NOTE
r-patched-linux-x86_64 1.5.12 206.84 236.76 443.60 NOTE
r-release-linux-x86_64 1.5.12 204.61 237.78 442.39 NOTE
r-release-macos-arm64 1.5.12 130.00 NOTE
r-release-macos-x86_64 1.5.12 220.00 NOTE
r-release-windows-x86_64 1.5.12 234.00 232.00 466.00 NOTE
r-oldrel-macos-arm64 1.5.12 162.00 NOTE
r-oldrel-macos-x86_64 1.5.12 319.00 NOTE
r-oldrel-windows-x86_64 1.5.12 271.00 304.00 575.00 NOTE

Check Details

Version: 1.5.12
Check: C++ specification
Result: NOTE Specified C++11: please drop specification unless essential Flavors: r-devel-linux-x86_64-debian-clang, r-devel-linux-x86_64-fedora-clang, r-devel-linux-x86_64-fedora-gcc, r-devel-windows-x86_64, r-patched-linux-x86_64, r-release-linux-x86_64, r-release-macos-arm64, r-release-macos-x86_64, r-release-windows-x86_64, r-oldrel-macos-arm64, r-oldrel-macos-x86_64, r-oldrel-windows-x86_64

Version: 1.5.12
Check: Rd files
Result: NOTE checkRd: (-1) FBM-class.Rd:97: Lost braces; missing escapes or markup? 97 | to be used by package {bigmemory}. | ^ checkRd: (-1) FBM-class.Rd:99: Lost braces; missing escapes or markup? 99 | to be used by package {bigmemory}. | ^ checkRd: (-1) big_read.Rd:57: Lost braces; missing escapes or markup? 57 | Read a file as a Filebacked Big Matrix by using package {bigreadr}. | ^ Flavors: r-devel-linux-x86_64-debian-clang, r-devel-linux-x86_64-fedora-clang, r-devel-linux-x86_64-fedora-gcc, r-devel-windows-x86_64, r-patched-linux-x86_64, r-release-linux-x86_64, r-release-macos-arm64, r-release-macos-x86_64, r-release-windows-x86_64

Version: 1.5.12
Check: package dependencies
Result: ERROR Packages required but not available: 'cowplot', 'ggplot2', 'tibble' Packages suggested but not available for checking: 'dplyr', 'plotly', 'testthat' See section ‘The DESCRIPTION file’ in the ‘Writing R Extensions’ manual. Flavor: r-devel-linux-x86_64-debian-gcc

Version: 1.5.12
Check: dependencies in R code
Result: NOTE Namespace in Imports field not imported from: ‘rmio’ All declared Imports should be used. Flavors: r-devel-linux-x86_64-fedora-clang, r-devel-linux-x86_64-fedora-gcc

Version: 1.5.12
Check: installed package size
Result: NOTE installed size is 11.6Mb sub-directories of 1Mb or more: extdata 2.3Mb libs 8.6Mb Flavors: r-release-macos-arm64, r-release-macos-x86_64, r-oldrel-macos-arm64, r-oldrel-macos-x86_64