Last updated on 2023-09-20 21:52:44 CEST.
Flavor | Version | Tinstall | Tcheck | Ttotal | Status | Flags |
---|---|---|---|---|---|---|
r-devel-linux-x86_64-debian-clang | 1.5.12 | 223.30 | 249.77 | 473.07 | NOTE | |
r-devel-linux-x86_64-debian-gcc | 1.5.12 | 158.33 | 179.84 | 338.17 | NOTE | |
r-devel-linux-x86_64-fedora-clang | 1.5.12 | 648.92 | NOTE | |||
r-devel-linux-x86_64-fedora-gcc | 1.5.12 | 639.25 | NOTE | |||
r-devel-windows-x86_64 | 1.5.12 | 218.00 | 245.00 | 463.00 | NOTE | |
r-patched-linux-x86_64 | 1.5.12 | 218.85 | 228.01 | 446.86 | NOTE | |
r-release-linux-x86_64 | 1.5.12 | 218.78 | 235.07 | 453.85 | NOTE | |
r-release-macos-arm64 | 1.5.12 | 162.00 | NOTE | |||
r-release-macos-x86_64 | 1.5.12 | 319.00 | NOTE | |||
r-release-windows-x86_64 | 1.5.12 | 279.00 | 298.00 | 577.00 | NOTE | |
r-oldrel-macos-arm64 | 1.5.12 | 165.00 | NOTE | |||
r-oldrel-macos-x86_64 | 1.5.12 | 202.00 | NOTE | |||
r-oldrel-windows-x86_64 | 1.5.12 | 263.00 | 276.00 | 539.00 | OK |
Version: 1.5.12
Check: C++ specification
Result: NOTE
Specified C++11: please drop specification unless essential
Flavors: r-devel-linux-x86_64-debian-clang, r-devel-linux-x86_64-debian-gcc, r-devel-linux-x86_64-fedora-clang, r-devel-linux-x86_64-fedora-gcc, r-devel-windows-x86_64, r-patched-linux-x86_64, r-release-linux-x86_64, r-release-macos-arm64, r-release-macos-x86_64, r-release-windows-x86_64
Version: 1.5.12
Check: dependencies in R code
Result: NOTE
Namespace in Imports field not imported from: ‘rmio’
All declared Imports should be used.
Flavors: r-devel-linux-x86_64-fedora-clang, r-devel-linux-x86_64-fedora-gcc, r-oldrel-macos-arm64, r-oldrel-macos-x86_64
Version: 1.5.12
Check: installed package size
Result: NOTE
installed size is 12.0Mb
sub-directories of 1Mb or more:
extdata 2.3Mb
libs 9.0Mb
Flavors: r-release-macos-arm64, r-release-macos-x86_64, r-oldrel-macos-arm64, r-oldrel-macos-x86_64