Last updated on 2023-12-03 22:57:01 CET.
Flavor | Version | Tinstall | Tcheck | Ttotal | Status | Flags |
---|---|---|---|---|---|---|
r-devel-linux-x86_64-debian-clang | 0.1.0 | 3.72 | 22.53 | 26.25 | OK | |
r-devel-linux-x86_64-debian-gcc | 0.1.0 | 2.95 | 17.88 | 20.83 | OK | |
r-devel-linux-x86_64-fedora-clang | 0.1.0 | 37.60 | NOTE | |||
r-devel-linux-x86_64-fedora-gcc | 0.1.0 | 31.50 | NOTE | |||
r-devel-windows-x86_64 | 0.1.0 | 5.00 | 40.00 | 45.00 | OK | |
r-patched-linux-x86_64 | 0.1.0 | 3.55 | 22.38 | 25.93 | OK | |
r-release-linux-x86_64 | 0.1.0 | 3.87 | 22.56 | 26.43 | OK | |
r-release-macos-arm64 | 0.1.0 | 20.00 | OK | |||
r-release-macos-x86_64 | 0.1.0 | 23.00 | OK | |||
r-release-windows-x86_64 | 0.1.0 | 7.00 | 41.00 | 48.00 | OK | |
r-oldrel-macos-arm64 | 0.1.0 | 17.00 | NOTE | |||
r-oldrel-macos-x86_64 | 0.1.0 | 25.00 | NOTE | |||
r-oldrel-windows-x86_64 | 0.1.0 | 6.00 | 44.00 | 50.00 | OK |
Version: 0.1.0
Check: dependencies in R code
Result: NOTE
Namespace in Imports field not imported from: ‘tibble’
All declared Imports should be used.
Flavors: r-devel-linux-x86_64-fedora-clang, r-devel-linux-x86_64-fedora-gcc, r-oldrel-macos-arm64, r-oldrel-macos-x86_64
Version: 0.1.0
Check: data for non-ASCII characters
Result: NOTE
Note: found 660 marked UTF-8 strings
Flavors: r-devel-linux-x86_64-fedora-clang, r-devel-linux-x86_64-fedora-gcc, r-oldrel-macos-arm64, r-oldrel-macos-x86_64