CRAN Package Check Results for Package bindr

Last updated on 2024-03-02 22:41:49 CET.

Flavor Version Tinstall Tcheck Ttotal Status Flags
r-devel-linux-x86_64-debian-clang 0.1.1 1.98 23.82 25.80 NOTE
r-devel-linux-x86_64-debian-gcc 0.1.1 1.47 18.57 20.04 NOTE
r-devel-linux-x86_64-fedora-clang 0.1.1 32.00 NOTE
r-devel-linux-x86_64-fedora-gcc 0.1.1 42.68 NOTE
r-devel-windows-x86_64 0.1.1 2.00 46.00 48.00 NOTE
r-patched-linux-x86_64 0.1.1 2.07 23.61 25.68 NOTE
r-release-linux-x86_64 0.1.1 2.02 23.59 25.61 NOTE
r-release-macos-arm64 0.1.1 20.00 NOTE
r-release-macos-x86_64 0.1.1 28.00 NOTE
r-release-windows-x86_64 0.1.1 3.00 44.00 47.00 NOTE
r-oldrel-macos-arm64 0.1.1 21.00 NOTE
r-oldrel-windows-x86_64 0.1.1 3.00 48.00 51.00 NOTE

Check Details

Version: 0.1.1
Check: LazyData
Result: NOTE 'LazyData' is specified without a 'data' directory Flavors: r-devel-linux-x86_64-debian-clang, r-devel-linux-x86_64-debian-gcc, r-devel-linux-x86_64-fedora-clang, r-devel-linux-x86_64-fedora-gcc, r-devel-windows-x86_64, r-patched-linux-x86_64, r-release-linux-x86_64, r-release-macos-arm64, r-release-macos-x86_64, r-release-windows-x86_64, r-oldrel-macos-arm64, r-oldrel-windows-x86_64