CRAN Package Check Results for Package bioimagetools

Last updated on 2019-08-22 22:46:50 CEST.

Flavor Version Tinstall Tcheck Ttotal Status Flags
r-devel-linux-x86_64-debian-clang 1.1.3 10.26 82.13 92.39 OK
r-devel-linux-x86_64-debian-gcc 1.1.3 7.83 62.77 70.60 OK
r-devel-linux-x86_64-fedora-clang 1.1.3 112.27 OK
r-devel-linux-x86_64-fedora-gcc 1.1.3 107.56 OK
r-devel-windows-ix86+x86_64 1.1.3 34.00 154.00 188.00 OK
r-patched-linux-x86_64 1.1.3 8.44 78.95 87.39 OK
r-patched-solaris-x86 1.1.3 199.00 OK
r-release-linux-x86_64 1.1.3 7.85 78.32 86.17 OK
r-release-windows-ix86+x86_64 1.1.3 37.00 163.00 200.00 OK
r-release-osx-x86_64 1.1.3 ERROR
r-oldrel-windows-ix86+x86_64 1.1.3 29.00 160.00 189.00 OK
r-oldrel-osx-x86_64 1.1.3 OK

Check Details

Version: 1.1.3
Check: package dependencies
Result: ERROR
    Package required but not available: ‘EBImage’
    
    See section ‘The DESCRIPTION file’ in the ‘Writing R Extensions’
    manual.
Flavor: r-release-osx-x86_64