Last updated on 2023-12-04 22:57:34 CET.
Flavor | Version | Tinstall | Tcheck | Ttotal | Status | Flags |
---|---|---|---|---|---|---|
r-devel-linux-x86_64-debian-clang | 1.0.0 | 41.35 | 246.83 | 288.18 | OK | |
r-devel-linux-x86_64-debian-gcc | 1.0.0 | 29.50 | 181.78 | 211.28 | OK | |
r-devel-linux-x86_64-fedora-clang | 1.0.0 | 368.13 | NOTE | |||
r-devel-linux-x86_64-fedora-gcc | 1.0.0 | 361.50 | OK | |||
r-devel-windows-x86_64 | 1.0.0 | 38.00 | 214.00 | 252.00 | NOTE | |
r-patched-linux-x86_64 | 1.0.0 | 30.70 | 236.04 | 266.74 | OK | |
r-release-linux-x86_64 | 1.0.0 | 35.31 | 231.49 | 266.80 | OK | |
r-release-macos-arm64 | 1.0.0 | 110.00 | OK | |||
r-release-macos-x86_64 | 1.0.0 | 286.00 | OK | |||
r-release-windows-x86_64 | 1.0.0 | 50.00 | 262.00 | 312.00 | NOTE | |
r-oldrel-macos-arm64 | 1.0.0 | 89.00 | OK | |||
r-oldrel-macos-x86_64 | 1.0.0 | 132.00 | OK | |||
r-oldrel-windows-x86_64 | 1.0.0 | 48.00 | 252.00 | 300.00 | NOTE |
Version: 1.0.0
Check: Rd cross-references
Result: NOTE
Undeclared package ‘vegan’ in Rd xrefs
Flavor: r-devel-linux-x86_64-fedora-clang
Version: 1.0.0
Check: installed package size
Result: NOTE
installed size is 5.1Mb
sub-directories of 1Mb or more:
data 1.7Mb
doc 1.1Mb
help 1.0Mb
libs 1.0Mb
Flavors: r-devel-windows-x86_64, r-release-windows-x86_64, r-oldrel-windows-x86_64