Last updated on 2024-04-17 22:59:46 CEST.
Flavor | Version | Tinstall | Tcheck | Ttotal | Status | Flags |
---|---|---|---|---|---|---|
r-devel-linux-x86_64-debian-clang | 1.2.3 | 9.91 | 75.32 | 85.23 | NOTE | |
r-devel-linux-x86_64-debian-gcc | 1.2.3 | 7.53 | 55.94 | 63.47 | NOTE | |
r-devel-linux-x86_64-fedora-clang | 1.2.3 | 101.23 | NOTE | |||
r-devel-linux-x86_64-fedora-gcc | 1.2.3 | 97.24 | NOTE | |||
r-prerel-macos-arm64 | 1.2.3 | 34.00 | NOTE | |||
r-prerel-windows-x86_64 | 1.2.3 | 10.00 | 82.00 | 92.00 | NOTE | |
r-patched-linux-x86_64 | 1.2.3 | 10.41 | 71.23 | 81.64 | NOTE | |
r-release-linux-x86_64 | 1.2.3 | 7.43 | 72.32 | 79.75 | OK | |
r-release-macos-arm64 | 1.2.3 | 35.00 | OK | |||
r-release-macos-x86_64 | 1.2.3 | 54.00 | OK | |||
r-release-windows-x86_64 | 1.2.3 | 13.00 | 92.00 | 105.00 | OK | |
r-oldrel-macos-arm64 | 1.2.3 | 36.00 | OK | |||
r-oldrel-windows-x86_64 | 1.2.3 | 13.00 | 99.00 | 112.00 | OK |
Version: 1.2.3
Check: Rd files
Result: NOTE
checkRd: (-1) mmds.2D.multi.Rd:118: Lost braces
118 | a numeric value in inches indicating the height of graph outfile. Default differs by outfile.type. The resolution for tiff and png figures is 150 dpi. See \code{pdf}, code{tiff}, \code{png}, \code{postscript}.
| ^
checkRd: (-1) mmds.2D.plot.Rd:134: Lost braces
134 | a numeric value in inches indicating the height of graph outfile. Default differs by outfile.type. The resolution for tiff and png figures is 150 dpi. See \code{pdf}, code{tiff}, \code{png}, \code{postscript}.
| ^
Flavors: r-devel-linux-x86_64-debian-clang, r-devel-linux-x86_64-debian-gcc, r-devel-linux-x86_64-fedora-clang, r-devel-linux-x86_64-fedora-gcc, r-prerel-macos-arm64, r-prerel-windows-x86_64, r-patched-linux-x86_64